{"id":793,"date":"2022-08-30T12:50:29","date_gmt":"2022-08-30T10:50:29","guid":{"rendered":"https:\/\/nns.cz\/predskolak\/?page_id=793"},"modified":"2022-11-07T14:22:21","modified_gmt":"2022-11-07T13:22:21","slug":"cesta-k-pocitani-s-pohadkami","status":"publish","type":"page","link":"https:\/\/nns.cz\/predskolak\/skola-je-tu\/metodicke-pokyny\/cesta-k-pocitani-s-pohadkami\/","title":{"rendered":"Cesta k&nbsp;po\u010d\u00edt\u00e1n\u00ed s&nbsp;poh\u00e1dkami"},"content":{"rendered":"\n<a href=\"https:\/\/nns.cz\/predskolak\/wp-content\/uploads\/2022\/11\/\u0160kola-je-tu_Vzd\u011bl\u00e1vac\u00ed-nab\u00eddka-P-54_listopad.pdf\" class=\"pdfemb-viewer\" style=\"\" data-width=\"max\" data-height=\"max\" data-toolbar=\"both\" data-toolbar-fixed=\"on\">\u0160kola-je-tu_Vzd\u011bl\u00e1vac\u00ed-nab\u00eddka-P-54_listopad<\/a>\n","protected":false},"excerpt":{"rendered":"","protected":false},"author":2,"featured_media":0,"parent":755,"menu_order":0,"comment_status":"closed","ping_status":"closed","template":"templates\/template-about.php","meta":{"footnotes":""},"class_list":["post-793","page","type-page","status-publish","hentry","latest_post"],"_links":{"self":[{"href":"https:\/\/nns.cz\/predskolak\/wp-json\/wp\/v2\/pages\/793","targetHints":{"allow":["GET"]}}],"collection":[{"href":"https:\/\/nns.cz\/predskolak\/wp-json\/wp\/v2\/pages"}],"about":[{"href":"https:\/\/nns.cz\/predskolak\/wp-json\/wp\/v2\/types\/page"}],"author":[{"embeddable":true,"href":"https:\/\/nns.cz\/predskolak\/wp-json\/wp\/v2\/users\/2"}],"replies":[{"embeddable":true,"href":"https:\/\/nns.cz\/predskolak\/wp-json\/wp\/v2\/comments?post=793"}],"version-history":[{"count":3,"href":"https:\/\/nns.cz\/predskolak\/wp-json\/wp\/v2\/pages\/793\/revisions"}],"predecessor-version":[{"id":959,"href":"https:\/\/nns.cz\/predskolak\/wp-json\/wp\/v2\/pages\/793\/revisions\/959"}],"up":[{"embeddable":true,"href":"https:\/\/nns.cz\/predskolak\/wp-json\/wp\/v2\/pages\/755"}],"wp:attachment":[{"href":"https:\/\/nns.cz\/predskolak\/wp-json\/wp\/v2\/media?parent=793"}],"curies":[{"name":"wp","href":"https:\/\/api.w.org\/{rel}","templated":true}]}}