{"id":420,"date":"2021-04-09T13:31:19","date_gmt":"2021-04-09T11:31:19","guid":{"rendered":"https:\/\/nns.cz\/predskolak\/?page_id=420"},"modified":"2022-11-28T12:50:23","modified_gmt":"2022-11-28T11:50:23","slug":"strana-2-3","status":"publish","type":"page","link":"https:\/\/nns.cz\/predskolak\/zapis-je-tu\/metodicke-pokyny\/strana-2-3\/","title":{"rendered":"Strana 2, 3 \u2013 Metodick\u00e9 pokyny"},"content":{"rendered":"\n<div class=\"wp-block-image\"><figure class=\"aligncenter size-full\"><a href=\"https:\/\/nns.cz\/predskolak\/wp-content\/uploads\/2021\/04\/Z\u00e1pis-je-tu_Metodick\u00e9-pokyny-a-metodick\u00e1-doporu\u010den\u00ed_str.-2-3.png\" target=\"_blank\" rel=\"noopener noreferrer\"><img loading=\"lazy\" decoding=\"async\" width=\"1810\" height=\"2560\" src=\"https:\/\/nns.cz\/predskolak\/wp-content\/uploads\/2022\/11\/z\u00e1pis_metodick\u00e9-pokyny_str.-2-3-scaled.jpg\" alt=\"\" class=\"wp-image-995\" srcset=\"https:\/\/nns.cz\/predskolak\/wp-content\/uploads\/2022\/11\/z\u00e1pis_metodick\u00e9-pokyny_str.-2-3-scaled.jpg 1810w, https:\/\/nns.cz\/predskolak\/wp-content\/uploads\/2022\/11\/z\u00e1pis_metodick\u00e9-pokyny_str.-2-3-212x300.jpg 212w, https:\/\/nns.cz\/predskolak\/wp-content\/uploads\/2022\/11\/z\u00e1pis_metodick\u00e9-pokyny_str.-2-3-724x1024.jpg 724w, https:\/\/nns.cz\/predskolak\/wp-content\/uploads\/2022\/11\/z\u00e1pis_metodick\u00e9-pokyny_str.-2-3-768x1086.jpg 768w, https:\/\/nns.cz\/predskolak\/wp-content\/uploads\/2022\/11\/z\u00e1pis_metodick\u00e9-pokyny_str.-2-3-1086x1536.jpg 1086w, https:\/\/nns.cz\/predskolak\/wp-content\/uploads\/2022\/11\/z\u00e1pis_metodick\u00e9-pokyny_str.-2-3-1448x2048.jpg 1448w\" sizes=\"auto, (max-width: 1810px) 100vw, 1810px\" \/><\/a><\/figure><\/div>\n","protected":false},"excerpt":{"rendered":"","protected":false},"author":2,"featured_media":0,"parent":59,"menu_order":0,"comment_status":"closed","ping_status":"closed","template":"","meta":{"footnotes":""},"class_list":["post-420","page","type-page","status-publish","hentry","latest_post"],"_links":{"self":[{"href":"https:\/\/nns.cz\/predskolak\/wp-json\/wp\/v2\/pages\/420","targetHints":{"allow":["GET"]}}],"collection":[{"href":"https:\/\/nns.cz\/predskolak\/wp-json\/wp\/v2\/pages"}],"about":[{"href":"https:\/\/nns.cz\/predskolak\/wp-json\/wp\/v2\/types\/page"}],"author":[{"embeddable":true,"href":"https:\/\/nns.cz\/predskolak\/wp-json\/wp\/v2\/users\/2"}],"replies":[{"embeddable":true,"href":"https:\/\/nns.cz\/predskolak\/wp-json\/wp\/v2\/comments?post=420"}],"version-history":[{"count":5,"href":"https:\/\/nns.cz\/predskolak\/wp-json\/wp\/v2\/pages\/420\/revisions"}],"predecessor-version":[{"id":996,"href":"https:\/\/nns.cz\/predskolak\/wp-json\/wp\/v2\/pages\/420\/revisions\/996"}],"up":[{"embeddable":true,"href":"https:\/\/nns.cz\/predskolak\/wp-json\/wp\/v2\/pages\/59"}],"wp:attachment":[{"href":"https:\/\/nns.cz\/predskolak\/wp-json\/wp\/v2\/media?parent=420"}],"curies":[{"name":"wp","href":"https:\/\/api.w.org\/{rel}","templated":true}]}}