{"id":1926,"date":"2023-12-06T15:24:37","date_gmt":"2023-12-06T14:24:37","guid":{"rendered":"https:\/\/nns.cz\/predskolak\/?page_id=1926"},"modified":"2024-01-16T16:28:37","modified_gmt":"2024-01-16T15:28:37","slug":"strana-46-47","status":"publish","type":"page","link":"https:\/\/nns.cz\/predskolak\/jsem-predskolak\/podrobne-instrukce-ke-strankam\/strana-46-47\/","title":{"rendered":"Strana 46, 47"},"content":{"rendered":"\n<p><strong><span class=\"has-inline-color has-luminous-vivid-orange-color\">J<\/span><span class=\"has-inline-color has-vivid-cyan-blue-color\">S<\/span><span class=\"has-inline-color has-light-green-cyan-color\">E<\/span><span class=\"has-inline-color has-vivid-purple-color\">M<\/span> <span class=\"has-inline-color has-luminous-vivid-amber-color\">P<\/span><span class=\"has-inline-color has-pale-cyan-blue-color\">\u0158<\/span><span class=\"has-inline-color has-vivid-red-color\">E<\/span><span class=\"has-inline-color has-pale-pink-color\">D<\/span><span class=\"has-inline-color has-vivid-purple-color\">\u0160<\/span><span class=\"has-inline-color has-light-green-cyan-color\">K<\/span><span class=\"has-inline-color has-vivid-cyan-blue-color\">O<\/span><span class=\"has-inline-color has-cyan-bluish-gray-color\">L<\/span><span class=\"has-inline-color has-vivid-green-cyan-color\">\u00c1<\/span><span class=\"has-inline-color has-vivid-purple-color\">K<\/span><\/strong><\/p>\n\n\n\n<p class=\"has-text-align-right\"><a href=\"https:\/\/nns.cz\/predskolak\/jsem-predskolak\/podrobne-instrukce-ke-strankam\/\">Zp\u011bt na p\u0159ehled stran<\/a><\/p>\n\n\n\n<div class=\"wp-block-image\"><figure class=\"alignleft size-medium is-resized\"><a href=\"https:\/\/mediacreator.cz\/documents\/Jsem_predskolak\/video\/46_47._Jsem_predskolak_3.webm\" target=\"_blank\" rel=\"noopener noreferrer\"><img loading=\"lazy\" decoding=\"async\" src=\"https:\/\/nns.cz\/predskolak\/wp-content\/uploads\/2023\/11\/drak-mrak_ikonka-300x242.png\" alt=\"\" class=\"wp-image-1728\" width=\"75\" height=\"61\" srcset=\"https:\/\/nns.cz\/predskolak\/wp-content\/uploads\/2023\/11\/drak-mrak_ikonka-300x242.png 300w, https:\/\/nns.cz\/predskolak\/wp-content\/uploads\/2023\/11\/drak-mrak_ikonka.png 567w\" sizes=\"auto, (max-width: 75px) 100vw, 75px\" \/><\/a><\/figure><\/div>\n\n\n\n<p><strong><span class=\"has-inline-color has-vivid-cyan-blue-color\">PROLE\u0164 SE SE SN\u011a\u017dN\u00ddM DRAKEM. <\/span><\/strong>(str. 46, 47)<\/p>\n\n\n\n<div style=\"height:20px\" aria-hidden=\"true\" class=\"wp-block-spacer\"><\/div>\n\n\n\n<video class=\"video-player\" data-src=\"null\" src=\"https:\/\/mediacreator.cz\/documents\/Jsem_predskolak\/video\/low_46_47._Jsem_predskolak_3.webm\">\n  <source src=\"https:\/\/mediacreator.cz\/documents\/Jsem_predskolak\/video\/46_47._Jsem_predskolak_3.webm\" title=\"HQ\">\n  <source src=\"https:\/\/mediacreator.cz\/documents\/Jsem_predskolak\/video\/low_46_47._Jsem_predskolak_3.webm\" title=\"LQ\">\n  Your browser do not support the video tag.\n<\/video>\n\n\n\n<p><\/p>\n\n\n\n<ol class=\"wp-block-list\" type=\"1\"><li><strong>Prohl\u00e9dni si<\/strong> obr\u00e1zek. Kolem draka fi\u010d\u00ed v\u00edtr. Vypad\u00e1 to, jako by se pohyboval cestami, kter\u00e9 vypadaj\u00ed jako kli\u010dky.<\/li><li>Vstoje <strong>obt\u00e1hni<\/strong> prstem nejv\u011bt\u0161\u00ed \u010d\u00e1ru podobnou kli\u010dce u draka na obr\u00e1zku.<\/li><li><strong>Vezmi si<\/strong> modrou pastelku a <strong>obt\u00e1hni<\/strong> tuto \u010d\u00e1ru i pastelkou. Tah <strong>nep\u0159eru\u0161uj<\/strong> a n\u011bkolikr\u00e1t ho <strong>zopakuj<\/strong>.<\/li><li>Od vyzna\u010den\u00e9ho bodu na za\u010d\u00e1tku \u010d\u00e1ry, kterou jsi kreslil, je modr\u00fd bod. Od n\u011bj <strong>nakresli<\/strong> vsed\u011b dal\u0161\u00ed \u010d\u00e1ru. I tuto \u010d\u00e1ru n\u011bkolikr\u00e1t zopakuj. P\u0159i kreslen\u00ed <strong>od\u0159\u00edk\u00e1vej<\/strong> do rytmu \u0159\u00edkanku:<br><em>SN\u011a\u017dN\u00dd POH\u00c1DKOV\u00dd DRAK<\/em><br><em>LET\u00cd VZH\u016eRU DO OBLAK.<\/em><\/li><li>Kolem draka poletuj\u00ed vlo\u010dky. <strong>Vybarvi<\/strong> tu nejv\u011bt\u0161\u00ed podle sv\u00e9 fantazie.<\/li><li><strong>Prohl\u00e9dni si<\/strong> \u0159adu vesel\u00fdch sn\u011bhov\u00fdch vlo\u010dek. <strong>Uka\u017e<\/strong> tu, kter\u00e1 je jin\u00e1 ne\u017e ostatn\u00ed.<\/li><li><strong>Zakrou\u017ekuj<\/strong> ty, kter\u00e9 jsou stejn\u00e9.<\/li><li>A te\u010f v\u0161echny vlo\u010dky v&nbsp;\u0159ad\u011b <strong>spo\u010d\u00edtej<\/strong>.<\/li><li><strong>\u0158ekni<\/strong>, kolik vlo\u010dek je v&nbsp;\u0159ad\u011b dohromady. (<em>P\u011bt.)<\/em><\/li><li>Na t\u00e9to str\u00e1nce jsou i dal\u0161\u00ed vlo\u010dky. <strong>Uka\u017e<\/strong> je. <strong>Spo\u010d\u00edtej<\/strong> je. (<em>T\u0159i.<\/em>)<\/li><li>Pokud chce\u0161, m\u016f\u017ee\u0161 si zkusit na t\u00e9to str\u00e1nce spo\u010d\u00edtat v\u0161echny vlo\u010dky dohromady.<\/li><li>Na dal\u0161\u00ed str\u00e1nce je spousta mal\u00fdch kamar\u00e1dek t\u011bchto vlo\u010dek.<\/li><li><strong>Nakresli<\/strong> kolem nich men\u0161\u00ed horn\u00ed kli\u010dky. <strong>Pou\u017eij<\/strong> op\u011bt modrou pastelku.<br><strong>V\u0161imni si<\/strong>, \u017ee vlo\u010dka je v&nbsp;ka\u017ed\u00e9 kli\u010dce. P\u0159i kreslen\u00ed vlo\u010dky pastelkou <strong>obje\u010f<\/strong>.<\/li><li>A\u017e dokresl\u00ed\u0161 kli\u010dky, <strong>p\u0159edstav si<\/strong>, \u017ee le\u017e\u00ed\u0161 ve sn\u011bhu jako jedna ze sn\u011bhov\u00fdch vlo\u010dek. <strong>Lehni si<\/strong> na koberec, <strong>nat\u00e1hni<\/strong> pa\u017ee i nohy a <strong>pohybuj<\/strong> s&nbsp;nimi po zemi do stran. P\u0159i tomto pohybu <strong>se uvolni<\/strong>.<\/li><\/ol>\n\n\n\n<p class=\"has-text-align-right\"><a href=\"https:\/\/nns.cz\/predskolak\/jsem-predskolak\/podrobne-instrukce-ke-strankam\/\">Zp\u011bt na p\u0159ehled stran<\/a><\/p>\n","protected":false},"excerpt":{"rendered":"<p>JSEM P\u0158ED\u0160KOL\u00c1K Zp\u011bt na p\u0159ehled stran PROLE\u0164 SE SE SN\u011a\u017dN\u00ddM DRAKEM. (str. 46, 47) Your browser do not support the video tag. Prohl\u00e9dni si obr\u00e1zek. Kolem draka fi\u010d\u00ed v\u00edtr. Vypad\u00e1 to, jako by se pohyboval cestami, kter\u00e9 vypadaj\u00ed jako kli\u010dky. Vstoje obt\u00e1hni prstem nejv\u011bt\u0161\u00ed \u010d\u00e1ru podobnou kli\u010dce u draka na obr\u00e1zku. Vezmi si modrou pastelku [&hellip;]<\/p>\n","protected":false},"author":2,"featured_media":0,"parent":1716,"menu_order":0,"comment_status":"closed","ping_status":"closed","template":"","meta":{"footnotes":""},"class_list":["post-1926","page","type-page","status-publish","hentry","latest_post"],"_links":{"self":[{"href":"https:\/\/nns.cz\/predskolak\/wp-json\/wp\/v2\/pages\/1926","targetHints":{"allow":["GET"]}}],"collection":[{"href":"https:\/\/nns.cz\/predskolak\/wp-json\/wp\/v2\/pages"}],"about":[{"href":"https:\/\/nns.cz\/predskolak\/wp-json\/wp\/v2\/types\/page"}],"author":[{"embeddable":true,"href":"https:\/\/nns.cz\/predskolak\/wp-json\/wp\/v2\/users\/2"}],"replies":[{"embeddable":true,"href":"https:\/\/nns.cz\/predskolak\/wp-json\/wp\/v2\/comments?post=1926"}],"version-history":[{"count":5,"href":"https:\/\/nns.cz\/predskolak\/wp-json\/wp\/v2\/pages\/1926\/revisions"}],"predecessor-version":[{"id":2232,"href":"https:\/\/nns.cz\/predskolak\/wp-json\/wp\/v2\/pages\/1926\/revisions\/2232"}],"up":[{"embeddable":true,"href":"https:\/\/nns.cz\/predskolak\/wp-json\/wp\/v2\/pages\/1716"}],"wp:attachment":[{"href":"https:\/\/nns.cz\/predskolak\/wp-json\/wp\/v2\/media?parent=1926"}],"curies":[{"name":"wp","href":"https:\/\/api.w.org\/{rel}","templated":true}]}}