{"id":1868,"date":"2023-12-06T13:29:12","date_gmt":"2023-12-06T12:29:12","guid":{"rendered":"https:\/\/nns.cz\/predskolak\/?page_id=1868"},"modified":"2024-01-16T16:10:14","modified_gmt":"2024-01-16T15:10:14","slug":"strana-20-21","status":"publish","type":"page","link":"https:\/\/nns.cz\/predskolak\/jsem-predskolak\/podrobne-instrukce-ke-strankam\/strana-20-21\/","title":{"rendered":"Strana 20, 21"},"content":{"rendered":"\n<p><strong><span class=\"has-inline-color has-luminous-vivid-orange-color\">J<\/span><span class=\"has-inline-color has-vivid-cyan-blue-color\">S<\/span><span class=\"has-inline-color has-light-green-cyan-color\">E<\/span><span class=\"has-inline-color has-vivid-purple-color\">M<\/span> <span class=\"has-inline-color has-luminous-vivid-amber-color\">P<\/span><span class=\"has-inline-color has-pale-cyan-blue-color\">\u0158<\/span><span class=\"has-inline-color has-vivid-red-color\">E<\/span><span class=\"has-inline-color has-pale-pink-color\">D<\/span><span class=\"has-inline-color has-vivid-purple-color\">\u0160<\/span><span class=\"has-inline-color has-light-green-cyan-color\">K<\/span><span class=\"has-inline-color has-vivid-cyan-blue-color\">O<\/span><span class=\"has-inline-color has-cyan-bluish-gray-color\">L<\/span><span class=\"has-inline-color has-vivid-green-cyan-color\">\u00c1<\/span><span class=\"has-inline-color has-vivid-purple-color\">K<\/span><\/strong><\/p>\n\n\n\n<p class=\"has-text-align-right\"><a href=\"https:\/\/nns.cz\/predskolak\/jsem-predskolak\/podrobne-instrukce-ke-strankam\/\">Zp\u011bt na p\u0159ehled stran<\/a><\/p>\n\n\n\n<div class=\"wp-block-image\"><figure class=\"alignleft size-medium is-resized\"><a href=\"https:\/\/mediacreator.cz\/documents\/Jsem_predskolak\/video\/20_21._Jsem_predskolak_4.webm\" target=\"_blank\" rel=\"noopener noreferrer\"><img loading=\"lazy\" decoding=\"async\" src=\"https:\/\/nns.cz\/predskolak\/wp-content\/uploads\/2023\/11\/koralek_ikonka-300x300.png\" alt=\"\" class=\"wp-image-1737\" width=\"75\" height=\"75\" srcset=\"https:\/\/nns.cz\/predskolak\/wp-content\/uploads\/2023\/11\/koralek_ikonka-300x300.png 300w, https:\/\/nns.cz\/predskolak\/wp-content\/uploads\/2023\/11\/koralek_ikonka-150x150.png 150w, https:\/\/nns.cz\/predskolak\/wp-content\/uploads\/2023\/11\/koralek_ikonka-246x246.png 246w, https:\/\/nns.cz\/predskolak\/wp-content\/uploads\/2023\/11\/koralek_ikonka-185x185.png 185w, https:\/\/nns.cz\/predskolak\/wp-content\/uploads\/2023\/11\/koralek_ikonka-220x220.png 220w, https:\/\/nns.cz\/predskolak\/wp-content\/uploads\/2023\/11\/koralek_ikonka-60x60.png 60w, https:\/\/nns.cz\/predskolak\/wp-content\/uploads\/2023\/11\/koralek_ikonka-384x384.png 384w, https:\/\/nns.cz\/predskolak\/wp-content\/uploads\/2023\/11\/koralek_ikonka.png 468w\" sizes=\"auto, (max-width: 75px) 100vw, 75px\" \/><\/a><\/figure><\/div>\n\n\n\n<p><strong><span class=\"has-inline-color has-vivid-cyan-blue-color\">NAVL\u00c9KEJ KOR\u00c1LKY.<\/span><\/strong> (str. 20, 21)<\/p>\n\n\n\n<div style=\"height:20px\" aria-hidden=\"true\" class=\"wp-block-spacer\"><\/div>\n\n\n\n<video class=\"video-player\" data-src=\"null\" src=\"https:\/\/mediacreator.cz\/documents\/Jsem_predskolak\/video\/low_20_21._Jsem_predskolak_4.webm\">\n  <source src=\"https:\/\/mediacreator.cz\/documents\/Jsem_predskolak\/video\/20_21._Jsem_predskolak_4.webm\" title=\"HQ\">\n  <source src=\"https:\/\/mediacreator.cz\/documents\/Jsem_predskolak\/video\/low_20_21._Jsem_predskolak_4.webm\" title=\"LQ\">\n  Your browser do not support the video tag.\n<\/video>\n\n\n\n<p><\/p>\n\n\n\n<ol class=\"wp-block-list\" type=\"1\"><li><strong>Prohl\u00e9dni si <\/strong>ko\u010di\u010dky na obr\u00e1zc\u00edch. Jakou barvu m\u00e1 prvn\u00ed ko\u010di\u010dka? Spr\u00e1vn\u011b. Je oran\u017eov\u00e1. Kdy\u017e maj\u00ed ko\u010di\u010dky ko\u017e\u00ed\u0161ek do oran\u017eova, \u0159\u00edk\u00e1me n\u011bkdy, \u017ee jsou zrzav\u00e9. Z\u00e1le\u017e\u00ed na odst\u00ednu barvy ko\u017e\u00ed\u0161ku.<\/li><li><strong>Postav se <\/strong>a<strong> p\u0159edv\u00e1d\u011bj<\/strong>, jak si ko\u010di\u010dka pohr\u00e1v\u00e1 se \u0161\u0148\u016frkou kor\u00e1lk\u016f. Tvoje ruce jsou te\u010f tlapky. Tvoje prsty zase dr\u00e1pky.<\/li><li>Vstoje<strong> obt\u00e1hni<\/strong> prstem \u0161\u0148\u016frku, se kterou si tato ko\u010di\u010dka hraje. <strong>Obt\u00e1hni<\/strong> ji shora dol\u016f. Od ko\u010di\u010dky a\u017e k&nbsp;uzl\u00edku.<\/li><li><strong>Vezmi si <\/strong>\u010dervenou pastelku a<strong> obt\u00e1hni <\/strong>tuto \u0161\u0148\u016frku vstoje i pastelkou. Tah nep\u0159eru\u0161uj a n\u011bkolikr\u00e1t ho zopakuj. Ve\u010f ho p\u0159es kor\u00e1lky.<\/li><li><strong>Posa\u010f se.<\/strong><\/li><li><strong>Vezmi si <\/strong>\u017elutou pastelku a <strong>nakresli<\/strong> \u0161\u0148\u016frku od \u017elut\u00e9ho bodu. Te\u010dkovan\u00e1 \u017elut\u00e1 \u010d\u00e1ra t\u011b navede spr\u00e1vnou cestou.<\/li><li><strong>Vezmi si<\/strong> modrou pastelku a <strong>nakresli<\/strong> \u0161\u0148\u016frku od modr\u00e9ho bodu. Te\u010f u\u017e si s&nbsp;\u010d\u00e1rou zkus poradit s\u00e1m. P\u0159ilo\u017e pastelku k&nbsp;punt\u00edku a pod\u00edvej se o\u010dima dol\u016f k&nbsp;uzl\u00edku. Teprve pak od punt\u00edku nakresli \u010d\u00e1ru. Sna\u017e se, aby byla rovn\u00e1. N\u011bkolikr\u00e1t ji zopakuj s&nbsp;uvoln\u011bnou pa\u017e\u00ed.<\/li><li><strong>Vezmi si<\/strong> zelenou pastelku. Od zelen\u00e9ho bodu <strong>nakresli<\/strong> \u0161\u0148\u016frku. I tento tah n\u011bkolikr\u00e1t zopakuj a sna\u017e se m\u00edt p\u0159i kreslen\u00ed uvoln\u011bnou pa\u017ei.<\/li><li><strong>Spo\u010d\u00edtej<\/strong> kor\u00e1lky na \u010derven\u00e9 \u0161\u0148\u016frce. P\u0159i po\u010d\u00edt\u00e1n\u00ed si je m\u016f\u017ee\u0161 zakrou\u017ekovat t\u0159eba tu\u017ekou.<\/li><li><strong>Nakresli<\/strong> stejn\u00fd po\u010det kor\u00e1lk\u016f na \u017elutou, modrou a zelenou \u0161\u0148\u016frku. Kresli tu\u017ekou nebo libovolnou pastelkou. Kor\u00e1lky si m\u016f\u017ee\u0161 i nazdobit podle sv\u00e9 fantazie.<\/li><li>Na t\u00e9to str\u00e1nce jsou \u010derven\u00e9 kor\u00e1lky s&nbsp;obr\u00e1zky kraba, raka a hrocha. L\u00edb\u00ed se Ti?&nbsp; <strong>Nalep<\/strong> \u017elut\u00e9, modr\u00e9 a zelen\u00e9 kor\u00e1lky. P\u0159i nalepov\u00e1n\u00ed dej pozor na velikosti kor\u00e1lk\u016f.<\/li><li><strong>Prohl\u00e9dni si <\/strong>zv\u00ed\u0159\u00e1tka na kor\u00e1lc\u00edch.Poznal jsi v\u0161echna? I toho \u010dern\u00e9ho pt\u00e1\u010dka? \u017de je to kos? Spr\u00e1vn\u011b! Jsi moc \u0161ikovn\u00fd.<\/li><li><strong>Ukazuj <\/strong>zv\u00ed\u0159ata na kor\u00e1lc\u00edch v&nbsp;ka\u017ed\u00e9m z&nbsp;t\u011bchto \u010dty\u0159 sloupc\u016f. Ukazuj je po jednom postupn\u011b shora dol\u016f. Za\u010dni t\u011bmi na \u010derven\u00e9 \u0161\u0148\u016frce. P\u0159i tom zv\u00ed\u0159ata na kor\u00e1lc\u00edch <strong>pojmenuj<\/strong>: <em>krab<\/em>, <em>rak<\/em>, <em>hroch<\/em>, <em>slon<\/em>, <em>pes<\/em>, <em>my\u0161<\/em>, <em>kos<\/em>, <em>lev<\/em>, <em>vlk<\/em>, <em>\u0161nek<\/em>, <em>rys<\/em>, <em>p\u00e1v<\/em>.<\/li><li><strong>Pojmenuj <\/strong>v\u0161echna znovu a jednou p\u0159i tom <strong>tleskni<\/strong>.<\/li><li>A te\u010f to <strong>zkus<\/strong> je\u0161t\u011b jednou a pozorn\u011b p\u0159i tom <strong>poslouchej<\/strong>, kter\u00e1 ze slov vyslov\u00ed\u0161 kr\u00e1tce. Spr\u00e1vn\u011b! Pouze slovo p\u00e1v jsi vyslovil dlouze. (Ten, kdo pojmenoval \u010dern\u00e9ho pt\u00e1\u010dka na obr\u00e1zku slovem pt\u00e1k, sly\u0161el vysloven\u00e9 dlouze i slovo pt\u00e1k.)<\/li><li><strong>Obt\u00e1hni <\/strong>prstem \u017elutou \u0161\u0148\u016frku. Na \u017elut\u00e9 \u0161\u0148\u016frce<strong> uka\u017e <\/strong>nejv\u011bt\u0161\u00ed kor\u00e1lek. Uka\u017e nejmen\u0161\u00ed kor\u00e1lek. Uka\u017e i t\u0159et\u00ed kor\u00e1lek na t\u00e9to \u0161\u0148\u016frce. <strong>Spo\u010d\u00edtej<\/strong> kor\u00e1lky: jeden, dva, t\u0159i. <strong>Dokresli<\/strong> jeden kor\u00e1lek nav\u00edc. Kolik je kor\u00e1lk\u016f na \u017elut\u00e9 \u0161\u0148\u016frce te\u010f. Spo\u010d\u00edtej je op\u011bt po jednom: jeden, dva, t\u0159i, \u010dty\u0159i.<\/li><li><strong>Dokresli<\/strong> jeden kor\u00e1lek i na \u010dervenou, modrou a zelenou \u0161\u0148\u016frku.<\/li><li><strong>Spo\u010d\u00edtej<\/strong> kor\u00e1lky na \u010derven\u00e9, modr\u00e9 a zelen\u00e9 \u0161\u0148\u016frce. Do r\u00e1me\u010dku <strong>nakresli<\/strong> \u010dty\u0159i punt\u00edky.<\/li><li>Vedle zelen\u00e9ho r\u00e1me\u010dku je obr\u00e1zek \u010dty\u0159ky. <strong>Vybarvi<\/strong> ho podle sv\u00e9 fantazie.<\/li><\/ol>\n\n\n\n<p class=\"has-text-align-right\"><a href=\"https:\/\/nns.cz\/predskolak\/jsem-predskolak\/podrobne-instrukce-ke-strankam\/\">Zp\u011bt na p\u0159ehled stran<\/a><\/p>\n","protected":false},"excerpt":{"rendered":"<p>JSEM P\u0158ED\u0160KOL\u00c1K Zp\u011bt na p\u0159ehled stran NAVL\u00c9KEJ KOR\u00c1LKY. (str. 20, 21) Your browser do not support the video tag. Prohl\u00e9dni si ko\u010di\u010dky na obr\u00e1zc\u00edch. Jakou barvu m\u00e1 prvn\u00ed ko\u010di\u010dka? Spr\u00e1vn\u011b. Je oran\u017eov\u00e1. Kdy\u017e maj\u00ed ko\u010di\u010dky ko\u017e\u00ed\u0161ek do oran\u017eova, \u0159\u00edk\u00e1me n\u011bkdy, \u017ee jsou zrzav\u00e9. Z\u00e1le\u017e\u00ed na odst\u00ednu barvy ko\u017e\u00ed\u0161ku. Postav se a p\u0159edv\u00e1d\u011bj, jak si ko\u010di\u010dka [&hellip;]<\/p>\n","protected":false},"author":2,"featured_media":0,"parent":1716,"menu_order":0,"comment_status":"closed","ping_status":"closed","template":"","meta":{"footnotes":""},"class_list":["post-1868","page","type-page","status-publish","hentry","latest_post"],"_links":{"self":[{"href":"https:\/\/nns.cz\/predskolak\/wp-json\/wp\/v2\/pages\/1868","targetHints":{"allow":["GET"]}}],"collection":[{"href":"https:\/\/nns.cz\/predskolak\/wp-json\/wp\/v2\/pages"}],"about":[{"href":"https:\/\/nns.cz\/predskolak\/wp-json\/wp\/v2\/types\/page"}],"author":[{"embeddable":true,"href":"https:\/\/nns.cz\/predskolak\/wp-json\/wp\/v2\/users\/2"}],"replies":[{"embeddable":true,"href":"https:\/\/nns.cz\/predskolak\/wp-json\/wp\/v2\/comments?post=1868"}],"version-history":[{"count":5,"href":"https:\/\/nns.cz\/predskolak\/wp-json\/wp\/v2\/pages\/1868\/revisions"}],"predecessor-version":[{"id":2213,"href":"https:\/\/nns.cz\/predskolak\/wp-json\/wp\/v2\/pages\/1868\/revisions\/2213"}],"up":[{"embeddable":true,"href":"https:\/\/nns.cz\/predskolak\/wp-json\/wp\/v2\/pages\/1716"}],"wp:attachment":[{"href":"https:\/\/nns.cz\/predskolak\/wp-json\/wp\/v2\/media?parent=1868"}],"curies":[{"name":"wp","href":"https:\/\/api.w.org\/{rel}","templated":true}]}}