{"id":1859,"date":"2023-12-06T13:24:08","date_gmt":"2023-12-06T12:24:08","guid":{"rendered":"https:\/\/nns.cz\/predskolak\/?page_id=1859"},"modified":"2024-01-16T16:09:07","modified_gmt":"2024-01-16T15:09:07","slug":"strana-16","status":"publish","type":"page","link":"https:\/\/nns.cz\/predskolak\/jsem-predskolak\/podrobne-instrukce-ke-strankam\/strana-16\/","title":{"rendered":"Strana 16"},"content":{"rendered":"\n<p><strong><span class=\"has-inline-color has-luminous-vivid-orange-color\">J<\/span><span class=\"has-inline-color has-vivid-cyan-blue-color\">S<\/span><span class=\"has-inline-color has-light-green-cyan-color\">E<\/span><span class=\"has-inline-color has-vivid-purple-color\">M<\/span> <span class=\"has-inline-color has-luminous-vivid-amber-color\">P<\/span><span class=\"has-inline-color has-pale-cyan-blue-color\">\u0158<\/span><span class=\"has-inline-color has-vivid-red-color\">E<\/span><span class=\"has-inline-color has-pale-pink-color\">D<\/span><span class=\"has-inline-color has-vivid-purple-color\">\u0160<\/span><span class=\"has-inline-color has-light-green-cyan-color\">K<\/span><span class=\"has-inline-color has-vivid-cyan-blue-color\">O<\/span><span class=\"has-inline-color has-cyan-bluish-gray-color\">L<\/span><span class=\"has-inline-color has-vivid-green-cyan-color\">\u00c1<\/span><span class=\"has-inline-color has-vivid-purple-color\">K<\/span><\/strong><\/p>\n\n\n\n<p class=\"has-text-align-right\"><a href=\"https:\/\/nns.cz\/predskolak\/jsem-predskolak\/podrobne-instrukce-ke-strankam\/\">Zp\u011bt na p\u0159ehled stran<\/a><\/p>\n\n\n\n<div class=\"wp-block-image\"><figure class=\"alignleft size-medium is-resized\"><a href=\"https:\/\/mediacreator.cz\/documents\/Jsem_predskolak\/video\/16._Jsem_predskolak_4.webm\" target=\"_blank\" rel=\"noopener noreferrer\"><img loading=\"lazy\" decoding=\"async\" src=\"https:\/\/nns.cz\/predskolak\/wp-content\/uploads\/2023\/11\/kasparek_ikonka-300x295.png\" alt=\"\" class=\"wp-image-1734\" width=\"75\" height=\"74\" srcset=\"https:\/\/nns.cz\/predskolak\/wp-content\/uploads\/2023\/11\/kasparek_ikonka-300x295.png 300w, https:\/\/nns.cz\/predskolak\/wp-content\/uploads\/2023\/11\/kasparek_ikonka-150x150.png 150w, https:\/\/nns.cz\/predskolak\/wp-content\/uploads\/2023\/11\/kasparek_ikonka-246x246.png 246w, https:\/\/nns.cz\/predskolak\/wp-content\/uploads\/2023\/11\/kasparek_ikonka-185x185.png 185w, https:\/\/nns.cz\/predskolak\/wp-content\/uploads\/2023\/11\/kasparek_ikonka-220x220.png 220w, https:\/\/nns.cz\/predskolak\/wp-content\/uploads\/2023\/11\/kasparek_ikonka-60x60.png 60w, https:\/\/nns.cz\/predskolak\/wp-content\/uploads\/2023\/11\/kasparek_ikonka-384x384.png 384w, https:\/\/nns.cz\/predskolak\/wp-content\/uploads\/2023\/11\/kasparek_ikonka.png 513w\" sizes=\"auto, (max-width: 75px) 100vw, 75px\" \/><\/a><\/figure><\/div>\n\n\n\n<p><strong><span class=\"has-inline-color has-vivid-cyan-blue-color\">NAKRESLI KOPEC.<\/span><\/strong> (str. 16)<\/p>\n\n\n\n<div style=\"height:20px\" aria-hidden=\"true\" class=\"wp-block-spacer\"><\/div>\n\n\n\n<video class=\"video-player\" data-src=\"null\" src=\"https:\/\/mediacreator.cz\/documents\/Jsem_predskolak\/video\/low_16._Jsem_predskolak_4.webm\">\n  <source src=\"https:\/\/mediacreator.cz\/documents\/Jsem_predskolak\/video\/16._Jsem_predskolak_4.webm\" title=\"HQ\">\n  <source src=\"https:\/\/mediacreator.cz\/documents\/Jsem_predskolak\/video\/low_16._Jsem_predskolak_4.webm\" title=\"LQ\">\n  Your browser do not support the video tag.\n<\/video>\n\n\n\n<p><\/p>\n\n\n\n<ol class=\"wp-block-list\" type=\"1\"><li><strong>Prohl\u00e9dni si<\/strong> Had\u00ed kr\u00e1lovstv\u00ed. <strong>Najdi<\/strong> Ka\u0161p\u00e1rka.<\/li><li><strong>Pod\u00edvej<\/strong>, kam vyr\u00e1\u017e\u00ed. Vykra\u010duje si to cestou k&nbsp;hradu. M\u00e1 p\u0159ed sebou je\u0161t\u011b p\u011bkn\u00fd kus cesty, ne\u017e zdol\u00e1 ten velik\u00e1nsk\u00fd kopec. <strong>Vzpa\u017e<\/strong> a <strong>uka\u017e<\/strong>, jak je kopec velik\u00fd.<\/li><li>Vstoje <strong>obt\u00e1hni<\/strong> prstem kopec n\u011bkolikr\u00e1t tam a zp\u011bt. Tah <strong>nep\u0159eru\u0161uj<\/strong>. Do rytmu p\u0159itom <strong>od\u0159\u00edk\u00e1vej<\/strong> \u0159\u00edkanku:<br><em>NA KOPCI JE HRAD<\/em><br><em>A V&nbsp;N\u011aM BYDL\u00cd HAD!<\/em><\/li><li><strong>Vezmi si<\/strong> zelenou pastelku a <strong>vyzkou\u0161ej<\/strong> tento pohyb i pastelkou.<\/li><li><strong>Posa\u010f se. Uka\u017e<\/strong> zelen\u00fd bod. Od tohoto bodu <strong>kresli<\/strong> horn\u00ed oblouk op\u011bt n\u011bkolikr\u00e1t po sob\u011b tam i zp\u011bt. Na kopec nahoru, z&nbsp;kopce dol\u016f. Na kopec, z&nbsp;kopce. <strong>Sna\u017e se<\/strong>, aby byl tah plynul\u00fd a nebyl p\u0159eru\u0161en.<\/li><li><strong>Prohl\u00e9dni si<\/strong> obr\u00e1zek. <strong>Uka\u017e <\/strong>cestu od vsi k&nbsp;hradu.<strong> Uka\u017e<\/strong> Ka\u0161p\u00e1rka.<\/li><li><strong>Uka\u017e<\/strong>, co je u\u017e <em>daleko za<\/em> Ka\u0161p\u00e1rkem. <em>(Ves.)<\/em><\/li><li><strong>Uka\u017e<\/strong>, co je je\u0161t\u011b <em>daleko p\u0159ed<\/em> Ka\u0161p\u00e1rkem. <em>(Hrad.)<\/em><\/li><li><strong>Uka\u017e<\/strong>, kdo bydl\u00ed v&nbsp;hradu. <em>(Had.)<\/em><\/li><li><strong>Zopakuj<\/strong> n\u011bkolikr\u00e1t po sob\u011b slova <em>had\/hrad<\/em>. V&nbsp;na\u0161\u00ed \u0159\u00edkance se p\u011bkn\u011b r\u00fdmuj\u00ed. <strong>Zarecituj<\/strong> ji je\u0161t\u011b jednou:<br><em>NA KOPCI JE HRAD<\/em><br><em>A V&nbsp;N\u011aM BYDL\u00cd HAD!<\/em><\/li><li>I dal\u0161\u00ed slova na obr\u00e1zku se r\u00fdmuj\u00ed. <strong>Uka\u017e<\/strong> les. <em>Les<\/em> se r\u00fdmuje se slovem <em>ves<\/em>.<\/li><li>N\u011bkolikr\u00e1t tato slova <strong>zopakuj<\/strong>. <strong>Tleskej<\/strong> p\u0159itom do rytmu. (<em>Les\/ves, les\/ves, les\/ves.)<\/em><\/li><li><strong>Najdi<\/strong> v&nbsp;p\u0159\u00edloze mezi samolepkami draka a <strong>nalep<\/strong> ho do jeskyn\u011b.<\/li><li><strong>Najdi<\/strong> i mrak. Ten <strong>nalep<\/strong> ke slun\u00ed\u010dku.<\/li><li>Slova <em>drak<\/em>\/<em>mrak<\/em> n\u011bkolikr\u00e1t <strong>zopakuj<\/strong>. <strong>Tleskej<\/strong> p\u0159itom do rytmu.<\/li><\/ol>\n\n\n\n<p class=\"has-text-align-right\"><a href=\"https:\/\/nns.cz\/predskolak\/jsem-predskolak\/podrobne-instrukce-ke-strankam\/\">Zp\u011bt na p\u0159ehled stran<\/a><\/p>\n","protected":false},"excerpt":{"rendered":"<p>JSEM P\u0158ED\u0160KOL\u00c1K Zp\u011bt na p\u0159ehled stran NAKRESLI KOPEC. (str. 16) Your browser do not support the video tag. Prohl\u00e9dni si Had\u00ed kr\u00e1lovstv\u00ed. Najdi Ka\u0161p\u00e1rka. Pod\u00edvej, kam vyr\u00e1\u017e\u00ed. Vykra\u010duje si to cestou k&nbsp;hradu. M\u00e1 p\u0159ed sebou je\u0161t\u011b p\u011bkn\u00fd kus cesty, ne\u017e zdol\u00e1 ten velik\u00e1nsk\u00fd kopec. Vzpa\u017e a uka\u017e, jak je kopec velik\u00fd. Vstoje obt\u00e1hni prstem kopec [&hellip;]<\/p>\n","protected":false},"author":2,"featured_media":0,"parent":1716,"menu_order":0,"comment_status":"closed","ping_status":"closed","template":"","meta":{"footnotes":""},"class_list":["post-1859","page","type-page","status-publish","hentry","latest_post"],"_links":{"self":[{"href":"https:\/\/nns.cz\/predskolak\/wp-json\/wp\/v2\/pages\/1859","targetHints":{"allow":["GET"]}}],"collection":[{"href":"https:\/\/nns.cz\/predskolak\/wp-json\/wp\/v2\/pages"}],"about":[{"href":"https:\/\/nns.cz\/predskolak\/wp-json\/wp\/v2\/types\/page"}],"author":[{"embeddable":true,"href":"https:\/\/nns.cz\/predskolak\/wp-json\/wp\/v2\/users\/2"}],"replies":[{"embeddable":true,"href":"https:\/\/nns.cz\/predskolak\/wp-json\/wp\/v2\/comments?post=1859"}],"version-history":[{"count":4,"href":"https:\/\/nns.cz\/predskolak\/wp-json\/wp\/v2\/pages\/1859\/revisions"}],"predecessor-version":[{"id":2210,"href":"https:\/\/nns.cz\/predskolak\/wp-json\/wp\/v2\/pages\/1859\/revisions\/2210"}],"up":[{"embeddable":true,"href":"https:\/\/nns.cz\/predskolak\/wp-json\/wp\/v2\/pages\/1716"}],"wp:attachment":[{"href":"https:\/\/nns.cz\/predskolak\/wp-json\/wp\/v2\/media?parent=1859"}],"curies":[{"name":"wp","href":"https:\/\/api.w.org\/{rel}","templated":true}]}}