{"id":1841,"date":"2023-12-06T13:05:57","date_gmt":"2023-12-06T12:05:57","guid":{"rendered":"https:\/\/nns.cz\/predskolak\/?page_id=1841"},"modified":"2024-01-16T16:06:36","modified_gmt":"2024-01-16T15:06:36","slug":"strana-8-9","status":"publish","type":"page","link":"https:\/\/nns.cz\/predskolak\/jsem-predskolak\/podrobne-instrukce-ke-strankam\/strana-8-9\/","title":{"rendered":"Strana 8, 9"},"content":{"rendered":"\n<p><strong><span class=\"has-inline-color has-luminous-vivid-orange-color\">J<\/span><span class=\"has-inline-color has-vivid-cyan-blue-color\">S<\/span><span class=\"has-inline-color has-light-green-cyan-color\">E<\/span><span class=\"has-inline-color has-vivid-purple-color\">M<\/span> <span class=\"has-inline-color has-luminous-vivid-amber-color\">P<\/span><span class=\"has-inline-color has-pale-cyan-blue-color\">\u0158<\/span><span class=\"has-inline-color has-vivid-red-color\">E<\/span><span class=\"has-inline-color has-pale-pink-color\">D<\/span><span class=\"has-inline-color has-vivid-purple-color\">\u0160<\/span><span class=\"has-inline-color has-light-green-cyan-color\">K<\/span><span class=\"has-inline-color has-vivid-cyan-blue-color\">O<\/span><span class=\"has-inline-color has-cyan-bluish-gray-color\">L<\/span><span class=\"has-inline-color has-vivid-green-cyan-color\">\u00c1<\/span><span class=\"has-inline-color has-vivid-purple-color\">K<\/span><\/strong><\/p>\n\n\n\n<p class=\"has-text-align-right\"><a href=\"https:\/\/nns.cz\/predskolak\/jsem-predskolak\/podrobne-instrukce-ke-strankam\/\">Zp\u011bt na p\u0159ehled stran<\/a><\/p>\n\n\n\n<div class=\"wp-block-image\"><figure class=\"alignleft size-medium is-resized\"><a href=\"https:\/\/mediacreator.cz\/documents\/Jsem_predskolak\/video\/08_09._Jsem_predskolak_3.webm\" target=\"_blank\" rel=\"noopener noreferrer\"><img loading=\"lazy\" decoding=\"async\" src=\"https:\/\/nns.cz\/predskolak\/wp-content\/uploads\/2023\/11\/veverka_ikona-300x190.png\" alt=\"\" class=\"wp-image-1762\" width=\"75\" height=\"48\" srcset=\"https:\/\/nns.cz\/predskolak\/wp-content\/uploads\/2023\/11\/veverka_ikona-300x190.png 300w, https:\/\/nns.cz\/predskolak\/wp-content\/uploads\/2023\/11\/veverka_ikona.png 357w\" sizes=\"auto, (max-width: 75px) 100vw, 75px\" \/><\/a><\/figure><\/div>\n\n\n\n<p><strong><span class=\"has-inline-color has-vivid-cyan-blue-color\">KRU\u017d KOLEM VEVER<\/span><\/strong><span class=\"has-inline-color has-vivid-cyan-blue-color\"><strong>KY.<\/strong> <\/span>(str. 8, 9)<\/p>\n\n\n\n<div style=\"height:20px\" aria-hidden=\"true\" class=\"wp-block-spacer\"><\/div>\n\n\n\n<video class=\"video-player\" data-src=\"null\" src=\"https:\/\/mediacreator.cz\/documents\/Jsem_predskolak\/video\/low_08_09._Jsem_predskolak_3.webm\">\n  <source src=\"https:\/\/mediacreator.cz\/documents\/Jsem_predskolak\/video\/08_09._Jsem_predskolak_3.webm\" title=\"HQ\">\n  <source src=\"https:\/\/mediacreator.cz\/documents\/Jsem_predskolak\/video\/low_08_09._Jsem_predskolak_3.webm\" title=\"LQ\">\n  Your browser do not support the video tag.\n<\/video>\n\n\n\n<p><\/p>\n\n\n\n<ol class=\"wp-block-list\" type=\"1\"><li>Dnes m\u00e1m pro tebe p\u0159ekvapen\u00ed! Jedna veverka slav\u00ed narozeniny. <strong>Pod\u00edvej<\/strong>, jak obarvuje pa\u0159ezy na \u010derveno, aby ka\u017ed\u00fd trefil na jej\u00ed narozeninovou oslavu.<\/li><li>Do obr\u00e1zku <strong>nalep<\/strong> veverce kamar\u00e1dku, pom\u016f\u017ee j\u00ed s&nbsp;obarvov\u00e1n\u00edm pa\u0159ez\u016f.<\/li><li>Vstoje <strong>obt\u00e1hni<\/strong> prstem \u010derven\u00fd kruh kolem pa\u0159ezu.<\/li><li><strong>Vezmi si<\/strong> \u010dervenou pastelku a <strong>vyzkou\u0161ej<\/strong> stejn\u00fd pohyb i pastelkou.<\/li><li>Vsed\u011b <strong>kru\u017e<\/strong> od vyzna\u010den\u00e9ho bodu kolem samolepky s&nbsp;veverkou, a\u017e obarv\u00ed\u0161 cel\u00fd pa\u0159ez na \u010derveno i ty. Tah nep\u0159eru\u0161uj, a\u0165 je plynul\u00fd. P\u0159i kreslen\u00ed <strong>od\u0159\u00edk\u00e1vej<\/strong> do rytmu \u0159\u00edkanku:<br><em>PA\u0158EZ SMRKU OBARV\u00cdM,<\/em><br><em>P\u0158ITOM PA\u017d\u00cd ZAKROU\u017d\u00cdM.<\/em><br>V\u00fdborn\u011b! Pa\u0159ezy jsou obarveny. <strong>Zakrou\u017ekuj <\/strong>veverku s&nbsp;kybl\u00edkem. <strong>Zakrou\u017ekuj<\/strong> i veverku se \u0161t\u011btcem. Zakrou\u017ekoval jsi dv\u011b veverky. V&nbsp;r\u00e1me\u010dku <strong>vybarvi <\/strong>dva punt\u00edky.<\/li><li><strong>Prohl\u00e9dni si<\/strong> dvojku vedle r\u00e1me\u010dku. U\u017e jsi ji n\u011bkde vid\u011bl? <strong>Vybarvi<\/strong> ji. T\u0159eba \u010dervenou.<\/li><li>Na druh\u00e9 str\u00e1nce jsou tak\u00e9 dv\u011b veverky.<\/li><li><strong>Prohl\u00e9dni si<\/strong> obr\u00e1zky nad veverkami.<\/li><li><strong>Vyber<\/strong> z&nbsp;obr\u00e1zk\u016f ty, kter\u00e9 jsou \u010derven\u00e9 jako srd\u00ed\u010dko.<\/li><li><strong>Ukazuj <\/strong>jeden po druh\u00e9m a p\u0159itom<strong> \u0159\u00edkej<\/strong>: <em>\u010cerven\u00e1 je beru\u0161ka. \u010cerven\u00e1 je jah\u016fdka. \u010cerven\u00e1 je muchom\u016frka. \u010cerven\u00fd je \u0161\u00edpek.<\/em><\/li><li>Mezi pastelkami<strong> vyber <\/strong>\u010dervenou a tyto obr\u00e1zky vybarvi.<\/li><li>Hv\u011bzdi\u010dka je na obr\u00e1zku \u017elut\u00e1.<\/li><li>Kter\u00fd obr\u00e1zek na t\u00e9to str\u00e1nce vybarv\u00ed\u0161 \u017elut\u011b? V\u00fdborn\u011b. Slun\u00ed\u010dko.<\/li><li>Mezi pastelkami vyber \u017elutou a vybarvi slun\u00ed\u010dko.<\/li><li>Kter\u00fd obr\u00e1zek je modr\u00fd? Spr\u00e1vn\u011b. Vodn\u00ed kapka.<\/li><li>Vybarv\u00ed\u0161 mod\u0159e bor\u016fvku, nebo strome\u010dek? V\u00fdborn\u011b. Bor\u016fvku.<\/li><li>Strome\u010dek <strong>vybarvi<\/strong> zelen\u011b, jako je zelen\u00e1 travi\u010dka.<\/li><li>Kter\u00fdmi pastelkami jsi dnes vybarvoval? \u010cervenou, \u017elutou, modrou a zelenou.<\/li><li><strong>Uka\u017e<\/strong> \u010derven\u00e9 obr\u00e1zky.<\/li><li><strong>Uka\u017e<\/strong> \u017elut\u00e9 obr\u00e1zky.<\/li><li><strong>Uka\u017e<\/strong> i modr\u00e9 obr\u00e1zky.<\/li><li>A <strong>uka\u017e<\/strong> i zelen\u00e9 obr\u00e1zky.<\/li><li><strong>Jmenuj<\/strong> obr\u00e1zky ve sloupc\u00edch.<\/li><li>A te\u010f je <strong>zkus<\/strong> <strong>jmenovat<\/strong> v&nbsp;\u0159\u00e1dc\u00edch. V&nbsp;\u010derven\u00e9m, \u017elut\u00e9m, v&nbsp;modr\u00e9m i v&nbsp;zelen\u00e9m.<\/li><li>Jde ti to velmi dob\u0159e. A\u017e bude\u0161 \u0161kol\u00e1k, jist\u011b zvl\u00e1dne\u0161 v\u00fdborn\u011b \u010d\u00edst ve sloupc\u00edch i v&nbsp;\u0159\u00e1dc\u00edch.<\/li><\/ol>\n\n\n\n<p class=\"has-text-align-right\"><a href=\"https:\/\/nns.cz\/predskolak\/jsem-predskolak\/podrobne-instrukce-ke-strankam\/\">Zp\u011bt na p\u0159ehled stran<\/a><\/p>\n","protected":false},"excerpt":{"rendered":"<p>JSEM P\u0158ED\u0160KOL\u00c1K Zp\u011bt na p\u0159ehled stran KRU\u017d KOLEM VEVERKY. (str. 8, 9) Your browser do not support the video tag. Dnes m\u00e1m pro tebe p\u0159ekvapen\u00ed! Jedna veverka slav\u00ed narozeniny. Pod\u00edvej, jak obarvuje pa\u0159ezy na \u010derveno, aby ka\u017ed\u00fd trefil na jej\u00ed narozeninovou oslavu. Do obr\u00e1zku nalep veverce kamar\u00e1dku, pom\u016f\u017ee j\u00ed s&nbsp;obarvov\u00e1n\u00edm pa\u0159ez\u016f. Vstoje obt\u00e1hni prstem \u010derven\u00fd [&hellip;]<\/p>\n","protected":false},"author":2,"featured_media":0,"parent":1716,"menu_order":0,"comment_status":"closed","ping_status":"closed","template":"","meta":{"footnotes":""},"class_list":["post-1841","page","type-page","status-publish","hentry","latest_post"],"_links":{"self":[{"href":"https:\/\/nns.cz\/predskolak\/wp-json\/wp\/v2\/pages\/1841","targetHints":{"allow":["GET"]}}],"collection":[{"href":"https:\/\/nns.cz\/predskolak\/wp-json\/wp\/v2\/pages"}],"about":[{"href":"https:\/\/nns.cz\/predskolak\/wp-json\/wp\/v2\/types\/page"}],"author":[{"embeddable":true,"href":"https:\/\/nns.cz\/predskolak\/wp-json\/wp\/v2\/users\/2"}],"replies":[{"embeddable":true,"href":"https:\/\/nns.cz\/predskolak\/wp-json\/wp\/v2\/comments?post=1841"}],"version-history":[{"count":4,"href":"https:\/\/nns.cz\/predskolak\/wp-json\/wp\/v2\/pages\/1841\/revisions"}],"predecessor-version":[{"id":2204,"href":"https:\/\/nns.cz\/predskolak\/wp-json\/wp\/v2\/pages\/1841\/revisions\/2204"}],"up":[{"embeddable":true,"href":"https:\/\/nns.cz\/predskolak\/wp-json\/wp\/v2\/pages\/1716"}],"wp:attachment":[{"href":"https:\/\/nns.cz\/predskolak\/wp-json\/wp\/v2\/media?parent=1841"}],"curies":[{"name":"wp","href":"https:\/\/api.w.org\/{rel}","templated":true}]}}