{"id":1533,"date":"2023-08-07T10:19:57","date_gmt":"2023-08-07T08:19:57","guid":{"rendered":"https:\/\/nns.cz\/predskolak\/?page_id=1533"},"modified":"2025-03-04T17:48:33","modified_gmt":"2025-03-04T16:48:33","slug":"jsem-predskolak","status":"publish","type":"page","link":"https:\/\/nns.cz\/predskolak\/jsem-predskolak\/","title":{"rendered":""},"content":{"rendered":"\n<p><\/p>\n\n\n\n<p><strong><mark style=\"background-color:rgba(0, 0, 0, 0)\" class=\"has-inline-color has-luminous-vivid-orange-color\">J<\/mark><mark style=\"background-color:rgba(0, 0, 0, 0)\" class=\"has-inline-color has-pale-cyan-blue-color\">S<\/mark><mark style=\"background-color:rgba(0, 0, 0, 0)\" class=\"has-inline-color has-vivid-green-cyan-color\">E<\/mark><mark style=\"background-color:rgba(0, 0, 0, 0)\" class=\"has-inline-color has-vivid-purple-color\">M<\/mark> <mark style=\"background-color:rgba(0, 0, 0, 0)\" class=\"has-inline-color has-luminous-vivid-amber-color\">P<\/mark><mark style=\"background-color:rgba(0, 0, 0, 0)\" class=\"has-inline-color has-vivid-cyan-blue-color\">\u0158<\/mark><mark style=\"background-color:rgba(0, 0, 0, 0)\" class=\"has-inline-color has-vivid-red-color\">E<\/mark><mark style=\"background-color:rgba(0, 0, 0, 0)\" class=\"has-inline-color has-pale-pink-color\">D<\/mark><mark style=\"background-color:rgba(0, 0, 0, 0)\" class=\"has-inline-color has-vivid-purple-color\">\u0160<\/mark><mark style=\"background-color:rgba(0, 0, 0, 0)\" class=\"has-inline-color has-vivid-green-cyan-color\">K<\/mark><mark style=\"background-color:rgba(0, 0, 0, 0)\" class=\"has-inline-color has-pale-cyan-blue-color\">O<\/mark><mark style=\"background-color:rgba(0, 0, 0, 0)\" class=\"has-inline-color has-luminous-vivid-orange-color\">L<\/mark><mark style=\"background-color:rgba(0, 0, 0, 0)\" class=\"has-inline-color has-vivid-cyan-blue-color\">\u00c1<\/mark><mark style=\"background-color:rgba(0, 0, 0, 0)\" class=\"has-inline-color has-vivid-red-color\">K<\/mark> <\/strong>je <strong>odborn\u011b zpracovan\u00e1 pracovn\u00ed u\u010debnice<\/strong>, kter\u00e1 <strong>p\u0159iprav\u00ed p\u0159ed\u0161kol\u00e1ka kr\u016f\u010dek po kr\u016f\u010dku do 1.&nbsp;ro\u010dn\u00edku<\/strong>. Ke v\u0161em str\u00e1nk\u00e1m nab\u00edz\u00ed <strong><a href=\"https:\/\/nns.cz\/predskolak\/jsem-predskolak\/podrobne-instrukce-ke-strankam\/\" target=\"_blank\" rel=\"noreferrer noopener\">ZDARMA v\u00fdukov\u00e1 videa<\/a><\/strong>. Pracovn\u00ed u\u010debnice je <strong>ov\u011b\u0159ena p\u0159ed\u0161kol\u00e1ky<\/strong><\/p>\n\n\n\n<div class=\"inventory\" data-filter=\"false\" data-next=\"false\" data-cart=\"false\" data-ids=\"2243\"><\/div>\n\n\n\n<div style=\"height:21px\" aria-hidden=\"true\" class=\"wp-block-spacer\"><\/div>\n\n\n\n<p><a href=\"https:\/\/nns.cz\/predskolak\/jsem-predskolak\/predstaveni-pracovni-ucebnice\/\" target=\"_blank\" rel=\"noreferrer noopener\"><strong>P\u0159edstaven\u00ed pracovn\u00ed u\u010debnice<\/strong><\/a><\/p>\n\n\n\n<p><a href=\"https:\/\/nns.cz\/predskolak\/jsem-predskolak\/podrobne-instrukce-ke-strankam\/\" target=\"_blank\" rel=\"noreferrer noopener\"><strong>V\u00fdukov\u00e1 videa a podrobn\u00e9 instrukce ke str\u00e1nk\u00e1m<\/strong><\/a><\/p>\n\n\n<div class=\"wp-block-image\">\n<figure class=\"alignright size-medium is-resized\"><a href=\"https:\/\/nns.cz\/predskolak\/jsem-predskolak\/podrobne-instrukce-ke-strankam\/\" target=\"_blank\" rel=\"noopener noreferrer\"><img loading=\"lazy\" decoding=\"async\" width=\"157\" height=\"300\" src=\"https:\/\/nns.cz\/predskolak\/wp-content\/uploads\/2023\/10\/QR_mobil-157x300.png\" alt=\"\" class=\"wp-image-1647\" style=\"aspect-ratio:0.5266666666666666;width:67px;height:auto\" srcset=\"https:\/\/nns.cz\/predskolak\/wp-content\/uploads\/2023\/10\/QR_mobil-157x300.png 157w, https:\/\/nns.cz\/predskolak\/wp-content\/uploads\/2023\/10\/QR_mobil.png 210w\" sizes=\"auto, (max-width: 157px) 100vw, 157px\" \/><\/a><\/figure><\/div>\n\n\n<p><a href=\"https:\/\/nns.cz\/predskolak\/jsem-predskolak\/videoukazky\/\" target=\"_blank\" rel=\"noreferrer noopener\"><strong>Videouk\u00e1zka<\/strong><\/a><\/p>\n\n\n\n<p><a href=\"https:\/\/nns.cz\/predskolak\/jsem-predskolak\/priloha\/\" target=\"_blank\" rel=\"noreferrer noopener\"><strong>P\u0159\u00edloha samolepek<\/strong><\/a><\/p>\n\n\n\n<p><a href=\"https:\/\/nns.cz\/predskolak\/odborna-a-pedagogicka-spoluprace\/\" target=\"_blank\" rel=\"noreferrer noopener\"><strong>Odborn\u00e1 a pedagogick\u00e1 spolupr\u00e1ce<\/strong><\/a><\/p>\n\n\n\n<figure class=\"wp-block-gallery has-nested-images columns-default is-cropped wp-block-gallery-1 is-layout-flex wp-block-gallery-is-layout-flex\">\n<figure class=\"wp-block-image size-full\"><a href=\"https:\/\/nns.cz\/predskolak\/wp-content\/uploads\/2023\/10\/P-55-Jsem-predskolak-obalka_reklama-2023.png\"><img loading=\"lazy\" decoding=\"async\" width=\"2504\" height=\"3508\" data-id=\"1637\" src=\"https:\/\/nns.cz\/predskolak\/wp-content\/uploads\/2023\/10\/P-55-Jsem-predskolak-obalka_reklama-2023.png\" alt=\"\" class=\"wp-image-1637\" srcset=\"https:\/\/nns.cz\/predskolak\/wp-content\/uploads\/2023\/10\/P-55-Jsem-predskolak-obalka_reklama-2023.png 2504w, https:\/\/nns.cz\/predskolak\/wp-content\/uploads\/2023\/10\/P-55-Jsem-predskolak-obalka_reklama-2023-214x300.png 214w, https:\/\/nns.cz\/predskolak\/wp-content\/uploads\/2023\/10\/P-55-Jsem-predskolak-obalka_reklama-2023-731x1024.png 731w, https:\/\/nns.cz\/predskolak\/wp-content\/uploads\/2023\/10\/P-55-Jsem-predskolak-obalka_reklama-2023-768x1076.png 768w, https:\/\/nns.cz\/predskolak\/wp-content\/uploads\/2023\/10\/P-55-Jsem-predskolak-obalka_reklama-2023-1096x1536.png 1096w, https:\/\/nns.cz\/predskolak\/wp-content\/uploads\/2023\/10\/P-55-Jsem-predskolak-obalka_reklama-2023-1462x2048.png 1462w\" sizes=\"auto, (max-width: 2504px) 100vw, 2504px\" \/><\/a><\/figure>\n\n\n\n<figure class=\"wp-block-image size-full\"><a href=\"https:\/\/nns.cz\/predskolak\/wp-content\/uploads\/2023\/10\/Jsem-predskolak-SAMOLEPKY_vodoznak.png\"><img loading=\"lazy\" decoding=\"async\" width=\"4961\" height=\"3508\" data-id=\"1642\" src=\"https:\/\/nns.cz\/predskolak\/wp-content\/uploads\/2023\/10\/Jsem-predskolak-SAMOLEPKY_vodoznak.png\" alt=\"\" class=\"wp-image-1642\" srcset=\"https:\/\/nns.cz\/predskolak\/wp-content\/uploads\/2023\/10\/Jsem-predskolak-SAMOLEPKY_vodoznak.png 4961w, https:\/\/nns.cz\/predskolak\/wp-content\/uploads\/2023\/10\/Jsem-predskolak-SAMOLEPKY_vodoznak-300x212.png 300w, https:\/\/nns.cz\/predskolak\/wp-content\/uploads\/2023\/10\/Jsem-predskolak-SAMOLEPKY_vodoznak-1024x724.png 1024w, https:\/\/nns.cz\/predskolak\/wp-content\/uploads\/2023\/10\/Jsem-predskolak-SAMOLEPKY_vodoznak-768x543.png 768w, https:\/\/nns.cz\/predskolak\/wp-content\/uploads\/2023\/10\/Jsem-predskolak-SAMOLEPKY_vodoznak-1536x1086.png 1536w, https:\/\/nns.cz\/predskolak\/wp-content\/uploads\/2023\/10\/Jsem-predskolak-SAMOLEPKY_vodoznak-2048x1448.png 2048w\" sizes=\"auto, (max-width: 4961px) 100vw, 4961px\" \/><\/a><\/figure>\n<\/figure>\n","protected":false},"excerpt":{"rendered":"<p>JSEM P\u0158ED\u0160KOL\u00c1K je odborn\u011b zpracovan\u00e1 pracovn\u00ed u\u010debnice, kter\u00e1 p\u0159iprav\u00ed p\u0159ed\u0161kol\u00e1ka kr\u016f\u010dek po kr\u016f\u010dku do 1.&nbsp;ro\u010dn\u00edku. Ke v\u0161em str\u00e1nk\u00e1m nab\u00edz\u00ed ZDARMA v\u00fdukov\u00e1 videa. Pracovn\u00ed u\u010debnice je ov\u011b\u0159ena p\u0159ed\u0161kol\u00e1ky P\u0159edstaven\u00ed pracovn\u00ed u\u010debnice V\u00fdukov\u00e1 videa a podrobn\u00e9 instrukce ke str\u00e1nk\u00e1m Videouk\u00e1zka P\u0159\u00edloha samolepek Odborn\u00e1 a pedagogick\u00e1 spolupr\u00e1ce<\/p>\n","protected":false},"author":2,"featured_media":1712,"parent":0,"menu_order":0,"comment_status":"closed","ping_status":"closed","template":"templates\/template-about.php","meta":{"footnotes":""},"class_list":["post-1533","page","type-page","status-publish","has-post-thumbnail","hentry","latest_post"],"_links":{"self":[{"href":"https:\/\/nns.cz\/predskolak\/wp-json\/wp\/v2\/pages\/1533","targetHints":{"allow":["GET"]}}],"collection":[{"href":"https:\/\/nns.cz\/predskolak\/wp-json\/wp\/v2\/pages"}],"about":[{"href":"https:\/\/nns.cz\/predskolak\/wp-json\/wp\/v2\/types\/page"}],"author":[{"embeddable":true,"href":"https:\/\/nns.cz\/predskolak\/wp-json\/wp\/v2\/users\/2"}],"replies":[{"embeddable":true,"href":"https:\/\/nns.cz\/predskolak\/wp-json\/wp\/v2\/comments?post=1533"}],"version-history":[{"count":47,"href":"https:\/\/nns.cz\/predskolak\/wp-json\/wp\/v2\/pages\/1533\/revisions"}],"predecessor-version":[{"id":2492,"href":"https:\/\/nns.cz\/predskolak\/wp-json\/wp\/v2\/pages\/1533\/revisions\/2492"}],"wp:featuredmedia":[{"embeddable":true,"href":"https:\/\/nns.cz\/predskolak\/wp-json\/wp\/v2\/media\/1712"}],"wp:attachment":[{"href":"https:\/\/nns.cz\/predskolak\/wp-json\/wp\/v2\/media?parent=1533"}],"curies":[{"name":"wp","href":"https:\/\/api.w.org\/{rel}","templated":true}]}}

<p></p>



<p><strong><mark style="background-color:rgba(0, 0, 0, 0)" class="has-inline-color has-luminous-vivid-orange-color">J</mark><mark style="background-color:rgba(0, 0, 0, 0)" class="has-inline-color has-pale-cyan-blue-color">S</mark><mark style="background-color:rgba(0, 0, 0, 0)" class="has-inline-color has-vivid-green-cyan-color">E</mark><mark style="background-color:rgba(0, 0, 0, 0)" class="has-inline-color has-vivid-purple-color">M</mark> <mark style="background-color:rgba(0, 0, 0, 0)" class="has-inline-color has-luminous-vivid-amber-color">P</mark><mark style="background-color:rgba(0, 0, 0, 0)" class="has-inline-color has-vivid-cyan-blue-color">Ř</mark><mark style="background-color:rgba(0, 0, 0, 0)" class="has-inline-color has-vivid-red-color">E</mark><mark style="background-color:rgba(0, 0, 0, 0)" class="has-inline-color has-pale-pink-color">D</mark><mark style="background-color:rgba(0, 0, 0, 0)" class="has-inline-color has-vivid-purple-color">Š</mark><mark style="background-color:rgba(0, 0, 0, 0)" class="has-inline-color has-vivid-green-cyan-color">K</mark><mark style="background-color:rgba(0, 0, 0, 0)" class="has-inline-color has-pale-cyan-blue-color">O</mark><mark style="background-color:rgba(0, 0, 0, 0)" class="has-inline-color has-luminous-vivid-orange-color">L</mark><mark style="background-color:rgba(0, 0, 0, 0)" class="has-inline-color has-vivid-cyan-blue-color">Á</mark><mark style="background-color:rgba(0, 0, 0, 0)" class="has-inline-color has-vivid-red-color">K</mark> </strong>je <strong>odborně zpracovaná pracovní učebnice</strong>, která <strong>připraví předškoláka krůček po krůčku do 1.&nbsp;ročníku</strong>. Ke všem stránkám nabízí <strong><a href="https://nns.cz/predskolak/jsem-predskolak/podrobne-instrukce-ke-strankam/" target="_blank" rel="noreferrer noopener">ZDARMA výuková videa</a></strong>. Pracovní učebnice je <strong>ověřena předškoláky</strong></p>



<div class="inventory" data-filter="false" data-next="false" data-cart="false" data-ids="2243"></div>



<div style="height:21px" aria-hidden="true" class="wp-block-spacer"></div>



<p><a href="https://nns.cz/predskolak/jsem-predskolak/predstaveni-pracovni-ucebnice/" target="_blank" rel="noreferrer noopener"><strong>Představení pracovní učebnice</strong></a></p>



<p><a href="https://nns.cz/predskolak/jsem-predskolak/podrobne-instrukce-ke-strankam/" target="_blank" rel="noreferrer noopener"><strong>Výuková videa a podrobné instrukce ke stránkám</strong></a></p>


<div class="wp-block-image">
<figure class="alignright size-medium is-resized"><a href="https://nns.cz/predskolak/jsem-predskolak/podrobne-instrukce-ke-strankam/" target="_blank" rel="noopener noreferrer"><img loading="lazy" decoding="async" width="157" height="300" src="https://nns.cz/predskolak/wp-content/uploads/2023/10/QR_mobil-157x300.png" alt="" class="wp-image-1647" style="aspect-ratio:0.5266666666666666;width:67px;height:auto" srcset="https://nns.cz/predskolak/wp-content/uploads/2023/10/QR_mobil-157x300.png 157w, https://nns.cz/predskolak/wp-content/uploads/2023/10/QR_mobil.png 210w" sizes="auto, (max-width: 157px) 100vw, 157px" /></a></figure></div>


<p><a href="https://nns.cz/predskolak/jsem-predskolak/videoukazky/" target="_blank" rel="noreferrer noopener"><strong>Videoukázka</strong></a></p>



<p><a href="https://nns.cz/predskolak/jsem-predskolak/priloha/" target="_blank" rel="noreferrer noopener"><strong>Příloha samolepek</strong></a></p>



<p><a href="https://nns.cz/predskolak/odborna-a-pedagogicka-spoluprace/" target="_blank" rel="noreferrer noopener"><strong>Odborná a pedagogická spolupráce</strong></a></p>



<figure class="wp-block-gallery has-nested-images columns-default is-cropped wp-block-gallery-1 is-layout-flex wp-block-gallery-is-layout-flex">
<figure class="wp-block-image size-full"><a href="https://nns.cz/predskolak/wp-content/uploads/2023/10/P-55-Jsem-predskolak-obalka_reklama-2023.png"><img loading="lazy" decoding="async" width="2504" height="3508" data-id="1637" src="https://nns.cz/predskolak/wp-content/uploads/2023/10/P-55-Jsem-predskolak-obalka_reklama-2023.png" alt="" class="wp-image-1637" srcset="https://nns.cz/predskolak/wp-content/uploads/2023/10/P-55-Jsem-predskolak-obalka_reklama-2023.png 2504w, https://nns.cz/predskolak/wp-content/uploads/2023/10/P-55-Jsem-predskolak-obalka_reklama-2023-214x300.png 214w, https://nns.cz/predskolak/wp-content/uploads/2023/10/P-55-Jsem-predskolak-obalka_reklama-2023-731x1024.png 731w, https://nns.cz/predskolak/wp-content/uploads/2023/10/P-55-Jsem-predskolak-obalka_reklama-2023-768x1076.png 768w, https://nns.cz/predskolak/wp-content/uploads/2023/10/P-55-Jsem-predskolak-obalka_reklama-2023-1096x1536.png 1096w, https://nns.cz/predskolak/wp-content/uploads/2023/10/P-55-Jsem-predskolak-obalka_reklama-2023-1462x2048.png 1462w" sizes="auto, (max-width: 2504px) 100vw, 2504px" /></a></figure>



<figure class="wp-block-image size-full"><a href="https://nns.cz/predskolak/wp-content/uploads/2023/10/Jsem-predskolak-SAMOLEPKY_vodoznak.png"><img loading="lazy" decoding="async" width="4961" height="3508" data-id="1642" src="https://nns.cz/predskolak/wp-content/uploads/2023/10/Jsem-predskolak-SAMOLEPKY_vodoznak.png" alt="" class="wp-image-1642" srcset="https://nns.cz/predskolak/wp-content/uploads/2023/10/Jsem-predskolak-SAMOLEPKY_vodoznak.png 4961w, https://nns.cz/predskolak/wp-content/uploads/2023/10/Jsem-predskolak-SAMOLEPKY_vodoznak-300x212.png 300w, https://nns.cz/predskolak/wp-content/uploads/2023/10/Jsem-predskolak-SAMOLEPKY_vodoznak-1024x724.png 1024w, https://nns.cz/predskolak/wp-content/uploads/2023/10/Jsem-predskolak-SAMOLEPKY_vodoznak-768x543.png 768w, https://nns.cz/predskolak/wp-content/uploads/2023/10/Jsem-predskolak-SAMOLEPKY_vodoznak-1536x1086.png 1536w, https://nns.cz/predskolak/wp-content/uploads/2023/10/Jsem-predskolak-SAMOLEPKY_vodoznak-2048x1448.png 2048w" sizes="auto, (max-width: 4961px) 100vw, 4961px" /></a></figure>
</figure>

<p>JSEM PŘEDŠKOLÁK je odborně zpracovaná pracovní učebnice, která připraví předškoláka krůček po krůčku do 1.&nbsp;ročníku. Ke všem stránkám nabízí ZDARMA výuková videa. Pracovní učebnice je ověřena předškoláky Představení pracovní učebnice Výuková videa a podrobné instrukce ke stránkám Videoukázka Příloha samolepek Odborná a pedagogická spolupráce</p>
