{"id":3593,"date":"2023-01-10T14:32:51","date_gmt":"2023-01-10T13:32:51","guid":{"rendered":"https:\/\/nns.cz\/amos\/?page_id=3593"},"modified":"2024-02-10T18:23:27","modified_gmt":"2024-02-10T17:23:27","slug":"jak-hodnotili-reprizu-online-seminare-amos-jeho-ucastnici-v-roce-2022","status":"publish","type":"page","link":"https:\/\/nns.cz\/amos\/jak-hodnotili-reprizu-online-seminare-amos-jeho-ucastnici-v-roce-2022\/","title":{"rendered":"Jak hodnotili repr\u00edzu online semin\u00e1\u0159e AMOS jeho \u00fa\u010dastn\u00edci v&nbsp;roce 2022?"},"content":{"rendered":"\n<p class=\"has-text-align-right\">zp\u011bt na p\u0159\u00edsp\u011bvek <a href=\"https:\/\/nns.cz\/amos\/webinar-amos-soubor-vzdelavacich-materialu-pro-1-rocnik-zdarma\" target=\"_blank\" rel=\"noreferrer noopener\">Online semin\u00e1\u0159 \u201eAMOS\u201c<\/a><\/p>\n\n\n\n<p>Velice d\u011bkujeme za Va\u0161e ohlasy a&nbsp;za mo\u017enost je zve\u0159ejnit:<\/p>\n\n\n\n<p><\/p>\n\n\n\n<blockquote class=\"wp-block-quote is-layout-flow wp-block-quote-is-layout-flow\">\n<p>Skv\u011bl\u00e9 p\u0159edstaven\u00ed u\u010debnic, vysv\u011btlen\u00ed, zd\u016fvodn\u011bn\u00ed postup\u016f. \u00da\u017easn\u00e9 propracov\u00e1n\u00ed, velmi r\u00e1da pou\u017e\u00edv\u00e1m pracovn\u00ed listy, uvol\u0148ova\u010dky a&nbsp;dal\u0161\u00ed v&nbsp;na\u0161\u00ed Z\u0160 speci\u00e1ln\u00ed. Rozhodn\u011b doporu\u010duji semin\u00e1\u0159 nejen u\u010ditel\u016fm, ale i&nbsp;rodi\u010d\u016fm. D\u011bkuji.<\/p>\n<cite>Marta \u0160kodov\u00e1<\/cite><\/blockquote>\n\n\n\n<blockquote class=\"wp-block-quote is-layout-flow wp-block-quote-is-layout-flow\">\n<p>Didaktick\u00e9 metody byly jasn\u011b vysv\u011btleny, stejn\u011b tak mo\u017enost vyu\u017eit\u00ed interaktivn\u00edch cvi\u010den\u00ed. L\u00edbila se mi i&nbsp;variabilita cvi\u010den\u00ed a&nbsp;mo\u017enost n\u011bkter\u00e1 cvi\u010den\u00ed modifikovat dle z\u00e1m\u011bru dan\u00e9ho pedagoga. Oce\u0148uji, \u017ee materi\u00e1l MIU\u010d+ je zpracov\u00e1n s&nbsp;ohledem na mo\u017enosti \u017e\u00e1k\u016f vzhledem k&nbsp;v\u011bku i&nbsp;k&nbsp;r\u016fzn\u00fdm specifik\u016fm. Nab\u00edz\u00ed vyu\u017eit\u00ed r\u016fzn\u00fdch styl\u016f u\u010den\u00ed, \u017e\u00e1k si tak m\u016f\u017ee vybrat a&nbsp;vyu\u017e\u00edvat ten styl, kter\u00fd mu nejv\u00edce vyhovuje a&nbsp;motivuje ho pro z\u00edsk\u00e1v\u00e1n\u00ed dal\u0161\u00edch poznatk\u016f. Z\u00e1rove\u0148 se \u017e\u00e1k p\u0159irozen\u011b setk\u00e1v\u00e1 i&nbsp;s&nbsp;ostatn\u00edmi styly a&nbsp;m\u016f\u017ee l\u00e1tku v\u00edce fixovat a&nbsp;opakovat. D\u00e1le bych cht\u011bla zm\u00ednit, \u017ee materi\u00e1l poskytuje pedagogovi kvalitn\u011b zpracovan\u00e9 podklady pro v\u00fduku a&nbsp;je tedy v\u00fdrazn\u00fdm pomocn\u00edkem p\u0159i&nbsp;tvo\u0159en\u00ed p\u0159\u00edprav. \u017d\u00e1ci se zde u\u010d\u00ed v\u00edce v&nbsp;souvislostech a&nbsp;maj\u00ed v\u011bt\u0161\u00ed kontakt s&nbsp;re\u00e1ln\u00fdm \u017eivotem. Semin\u00e1\u0159 nad r\u00e1mec splnil moje o\u010dek\u00e1v\u00e1n\u00ed a&nbsp;d\u011bkuji za n\u011bj!<\/p>\n<cite>Mgr. Petra Tesa\u0159ov\u00e1, DiS.<\/cite><\/blockquote>\n\n\n\n<blockquote class=\"wp-block-quote is-layout-flow wp-block-quote-is-layout-flow\">\n<p>Skv\u011bl\u00fd a&nbsp;ucelen\u00fd semin\u00e1\u0159 pln\u00fd n\u00e1pad\u016f a&nbsp;post\u0159eh\u016f z&nbsp;praxe. Propojen\u00ed v\u00fduky s&nbsp;b\u011b\u017en\u00fdm \u017eivotem i&nbsp;v&nbsp;r\u00e1mci jednotliv\u00fdch p\u0159edm\u011bt\u016f. Velice inspirativn\u00ed. D\u011bkuji.<\/p>\n<cite>Mgr. Dagmar Burkov\u00e1<\/cite><\/blockquote>\n\n\n\n<blockquote class=\"wp-block-quote is-layout-flow wp-block-quote-is-layout-flow\">\n<p>Pro m\u011b byl semin\u00e1\u0159 inspirativn\u00ed ve v\u0161ech sm\u011brech. Vhodn\u011b zvolen\u00e9 postupy p\u0159i&nbsp;v\u00fduce, propojen\u00e9 segmenty jednotliv\u00fdch kapitol, psan\u00ed s&nbsp;pomocn\u00fdmi linkami, opravdu semin\u00e1\u0159, kter\u00fd mi dal teoreticky i&nbsp;prakticky stra\u0161n\u011b moc.<\/p>\n<cite>Mgr. Kone\u010dn\u00e1 Lenka<\/cite><\/blockquote>\n\n\n\n<blockquote class=\"wp-block-quote is-layout-flow wp-block-quote-is-layout-flow\">\n<p>Mysl\u00edm, \u017ee tak promy\u0161len\u00fd, ucelen\u00fd a&nbsp;propojen\u00fd v\u00fdukov\u00fd styl \u010dten\u00ed, psan\u00ed, po\u010d\u00edt\u00e1n\u00ed a&nbsp;prvouky s&nbsp;didakticky a&nbsp;graficky prov\u00e1zan\u00fdmi soubory u\u010debnic v\u010detn\u011b interaktivn\u00ed podpory nem\u00e1 \u017e\u00e1dn\u00e9 jin\u00e9 na\u0161e vydavatelstv\u00ed u\u010debnic. Semin\u00e1\u0159 m\u011b nadchl a&nbsp;pro dal\u0161\u00ed \u0161koln\u00ed rok celou kompletn\u00ed \u0159adu AMOS rozhodn\u011b pro \u017e\u00e1ky objedn\u00e1me.<\/p>\n<cite>Mgr. Zde\u0148ka Sarauerov\u00e1<\/cite><\/blockquote>\n\n\n\n<blockquote class=\"wp-block-quote is-layout-flow wp-block-quote-is-layout-flow\">\n<p>S AMOSem jsem naprosto spokojen\u00e1, l\u00edb\u00ed se mi ucelen\u00e1 \u0159ada, propojenost, piktogramy a&nbsp;my\u0161lenkov\u00e9 mapy. D\u011bti jsou od za\u010d\u00e1tku samostatn\u00e9 a&nbsp;schopn\u00e9 pracovat i&nbsp;doma. Rodi\u010d\u016fm hodn\u011b vyhovuj\u00ed v\u00fdukov\u00e1 videa. D\u011bti miluj\u00ed kresby v&nbsp;Ag\u00e1tce, bez toho u\u017e nem\u016f\u017eeme nic kreslit. \ud83d\ude42<\/p>\n<cite>Mgr. Monika Bou\u0161kov\u00e1<\/cite><\/blockquote>\n\n\n\n<blockquote class=\"wp-block-quote is-layout-flow wp-block-quote-is-layout-flow\">\n<p>Velmi srozumiteln\u011b lektor p\u0159ed\u00e1v\u00e1 informace, ihned ukazuje v&nbsp;praxi, inspiruje ot\u00e1zkami i&nbsp;metodami.<\/p>\n<cite>Mgr. Jaroslava Semlerov\u00e1<\/cite><\/blockquote>\n\n\n\n<blockquote class=\"wp-block-quote is-layout-flow wp-block-quote-is-layout-flow\">\n<p>Velmi mile m\u011b p\u0159ekvapilo, jak jsou jednotliv\u00e1 cvi\u010den\u00ed ve vide\u00edch podrobn\u011b vysv\u011btlena a&nbsp;pro m\u011b, jako\u017eto za\u010d\u00ednaj\u00edc\u00ed u\u010ditelku, znamenaj\u00ed dal\u0161\u00ed posun k&nbsp;d\u016fv\u011b\u0159e v&nbsp;sebe sama, \u017ee to zvl\u00e1dnu. D\u011bkuji velice za V\u00e1\u0161 \u010das str\u00e1ven\u00fd nad zpracov\u00e1n\u00edm tohoto webin\u00e1\u0159e.<\/p>\n<cite>Mgr. Pavl\u00edna Arifovi\u010dov\u00e1<\/cite><\/blockquote>\n\n\n\n<blockquote class=\"wp-block-quote is-layout-flow wp-block-quote-is-layout-flow\">\n<p>P\u0159i m\u00e9 v\u00fdstupov\u00e9 praxi jsem m\u011bla mo\u017enost b\u00fdt na n\u00e1slechu v&nbsp;1.&nbsp;t\u0159\u00edd\u011b, kde se \u017e\u00e1ci u\u010dili podle slabik\u00e1\u0159e \u010cteme s&nbsp;Ag\u00e1tou. Velice m\u011b zaujalo, jak je slabik\u00e1\u0159 koncipovan\u00fd, zejm\u00e9na interaktivn\u00ed nahr\u00e1vky a&nbsp;pom\u016fcky jsou pro \u017e\u00e1ky velikou oporou. Velice kladn\u011b bych tak\u00e9 hodnotila pestrost \u00fakol\u016f, na z\u00e1klad\u011b kter\u00fdch si \u017e\u00e1k procvi\u010duje dan\u00e9 u\u010divo a&nbsp;pot\u00e9 si ho osvoj\u00ed. Jak pan Novotn\u00fd n\u011bkolikr\u00e1t zmi\u0148oval, &#8222;ka\u017ed\u00fd \u017e\u00e1k m\u00e1 pr\u00e1vo to pochopit n\u011bkdy jindy&#8220;. Nebo\u0165 1.&nbsp;stupe\u0148 nen\u00ed o&nbsp;rychlosti, ale zejm\u00e9na o&nbsp;nab\u00fdv\u00e1n\u00ed nov\u00fdch poznatk\u016f a&nbsp;o&nbsp;memorov\u00e1n\u00ed. Proto jsem byla r\u00e1da, \u017ee jsem se mohla d\u00edky tomuto semin\u00e1\u0159i dozv\u011bd\u011bt v\u00edce i&nbsp;o&nbsp;ostatn\u00edch u\u010debnic\u00edch, kter\u00e9 tvo\u0159\u00ed spole\u010dn\u011b s&nbsp;Ag\u00e1tou &#8222;rodinu&#8220;. Up\u0159\u00edmn\u011b m\u011b mrz\u00ed, \u017ee takov\u00e9 u\u010debnice neexistovaly, kdy\u017e jsem j\u00e1 nav\u0161t\u011bvovala 1.&nbsp;t\u0159\u00eddu.<\/p>\n<cite>Eva V\u00e1chalov\u00e1<\/cite><\/blockquote>\n\n\n\n<blockquote class=\"wp-block-quote is-layout-flow wp-block-quote-is-layout-flow\">\n<p>Uv\u011bdomila jsem si, pro\u010d jsem nedosahovala n\u011bkdy takov\u00fdch v\u00fdsledk\u016f, kter\u00e9 bych cht\u011bla. Lektor sv\u00fdm pod\u00e1n\u00edm p\u0159edal v\u00edc, ne\u017e bych si nastudovala v&nbsp;metodice. Obdivuji jeho pr\u00e1ci a&nbsp;talent pro pr\u00e1ci s&nbsp;d\u011btmi a&nbsp;p\u0159eji v\u0161em mnoho \u00fasp\u011bch\u016f.<\/p>\n<cite>Mgr. Jana Rajtov\u00e1<\/cite><\/blockquote>\n\n\n\n<blockquote class=\"wp-block-quote is-layout-flow wp-block-quote-is-layout-flow\">\n<p>P\u0159\u00edjemn\u00fd hlas pana lektora Novotn\u00e9ho jsem znala ji\u017e dlouho z&nbsp;vide\u00ed, kde v&nbsp;praxi pracuje s&nbsp;Mat\u00fdskovou matematikou. Velmi \u010dasto jsem je vyu\u017e\u00edvala p\u0159i&nbsp;online v\u00fduce a&nbsp;t\u0159eba geometrii si bez jeho &#8222;podpory&#8220; neum\u00edm distan\u010dn\u011b ani p\u0159edstavit. Pan Novotn\u00fd je praktik, v\u0161e, co \u0159\u00edk\u00e1, vych\u00e1z\u00ed z&nbsp;jeho zku\u0161enost\u00ed, ov\u011b\u0159en\u00e9 i&nbsp;jin\u00fdmi pedagogy, a&nbsp;toho si cen\u00edm.<\/p>\n<cite>Mgr. Lenka Bal\u00e1\u017eov\u00e1<\/cite><\/blockquote>\n\n\n\n<blockquote class=\"wp-block-quote is-layout-flow wp-block-quote-is-layout-flow\">\n<p>Semin\u00e1\u0159 p\u0159ed\u010dil m\u00e1 o\u010dek\u00e1v\u00e1n\u00ed. Velmi oce\u0148uji v&nbsp;praxi ov\u011b\u0159en\u00e9 metody a&nbsp;postupy, kter\u00e9 propojuj\u00ed a&nbsp;kombinuj\u00ed A-S a&nbsp;genetickou metodu. Vytvo\u0159en\u00e9 pracovn\u00ed se\u0161ity a&nbsp;u\u010debnice sv\u00fdm konceptem umo\u017e\u0148uj\u00ed za\u017eit\u00ed \u00fasp\u011bchu i&nbsp;\u017e\u00e1k\u016fm se speci\u00e1ln\u00edmi vzd\u011bl\u00e1vac\u00edmi pot\u0159ebami.<\/p>\n<cite>Mgr. Hana Ka\u0161parov\u00e1<\/cite><\/blockquote>\n\n\n\n<blockquote class=\"wp-block-quote is-layout-flow wp-block-quote-is-layout-flow\">\n<p>Moc d\u011bkuji za p\u0159edstaven\u00ed nov\u00fdch upraven\u00fdch u\u010debnic a&nbsp;nastartov\u00e1n\u00ed po&nbsp;p\u011bti letech t\u011b\u0161en\u00ed se na prv\u0148\u00e1ky. Velice si v\u00e1\u017e\u00edm osobn\u00edch zku\u0161enost\u00ed lektora, sd\u00edl\u00edm podobn\u00e9 n\u00e1zory a&nbsp;bylo p\u0159\u00edjemn\u00e9 sly\u0161et, \u017ee n\u011bkdo ud\u011blal stejnou didaktickou chybu jako j\u00e1, nebo \u017ee m\u00e9 nepodlo\u017een\u00e9 pokusy ve v\u00fduce, kter\u00e9 d\u011bl\u00e1m intuitivn\u011b, jsou spr\u00e1vn\u00e9. Za to opravdu d\u011bkuji. P.S.: V\u00fdukov\u00e1 videa na geometrii n\u00e1s zachr\u00e1nila p\u0159i&nbsp;on-line v\u00fduce ve 3.\u20134.&nbsp;ro\u010dn\u00edku.<\/p>\n<cite>Mgr. Eva Dre\u0161erov\u00e1<\/cite><\/blockquote>\n\n\n\n<blockquote class=\"wp-block-quote is-layout-flow wp-block-quote-is-layout-flow\">\n<p>S AMOSem m\u00e1m prvn\u00ed zku\u0161enost stejn\u011b jako v&nbsp;prvn\u00ed t\u0159\u00edd\u011b a&nbsp;bohu\u017eel i&nbsp;v&nbsp;distan\u010dn\u00ed v\u00fduce s&nbsp;prv\u0148\u00e1\u010dky. P\u0159i&nbsp;v\u00fdb\u011bru jsem dala na n\u00e1zor sv\u00fdch zku\u0161en\u011bj\u0161\u00edch kolegy\u0148, kter\u00e9 z&nbsp;t\u00e9to \u0159ady byly doslova nad\u0161en\u00e9. Nemohu jinak, ne\u017e souhlasit s&nbsp;t\u00edm, \u017ee s&nbsp;t\u011bmito u\u010debnicemi i&nbsp;interaktivn\u00edm programem je radost pracovat. Pro marody jsou interaktivn\u00ed cvi\u010den\u00ed v\u00fdborn\u00fdm zpest\u0159en\u00edm a&nbsp;mo\u017enost\u00ed procvi\u010dov\u00e1n\u00ed.<\/p>\n<cite>Mgr. Mark\u00e9ta Vrkoslavov\u00e1<\/cite><\/blockquote>\n\n\n\n<blockquote class=\"wp-block-quote is-layout-flow wp-block-quote-is-layout-flow\">\n<p>Opravdu propracovan\u00e9 a&nbsp;propojen\u00e9 u\u010debn\u00ed materi\u00e1ly s&nbsp;velkou dopl\u0148uj\u00edc\u00ed nab\u00eddkou pro dokonal\u00e9 ukotven\u00ed odu\u010den\u00e9ho u\u010diva. Se skv\u011bl\u00fdm p\u0159\u00edstupem k&nbsp;d\u011btem a&nbsp;systematickou podporou pro u\u010ditele.<\/p>\n<cite>Mgr. Veronika Pyszkov\u00e1<\/cite><\/blockquote>\n\n\n\n<blockquote class=\"wp-block-quote is-layout-flow wp-block-quote-is-layout-flow\">\n<p>V\u0161echna v\u00fdukov\u00e1 videa byla velmi p\u0159\u00ednosn\u00e1. Moc se mi l\u00edbilo psan\u00ed p\u00edsmen, \u017ee jsou nejprve velk\u00e1 tiskac\u00ed, na z\u00e1v\u011br roku velk\u00e1 psac\u00ed. K&nbsp;r\u016fzn\u00fdm \u00faloh\u00e1m bylo podrobn\u011b vysv\u011btleno, jak s&nbsp;\u00falohou pracovat, jak pracovat i&nbsp;s&nbsp;d\u011btmi. Ur\u010dit\u011b oce\u0148uji i&nbsp;dvoj\u00ed \u010d\u00edslov\u00e1n\u00ed str\u00e1nek a&nbsp;piktogramy, aby u\u017e d\u011bti od 1.&nbsp;t\u0159\u00eddy mohly samostatn\u011b pracovat. Toto u\u0161et\u0159\u00ed spoustu \u010dasu u\u010ditel\u016fm vysv\u011btlov\u00e1n\u00ed zad\u00e1n\u00ed a&nbsp;opakov\u00e1n\u00ed 10x pro ka\u017ed\u00e9ho \u017e\u00e1ka zvl\u00e1\u0161\u0165. Velmi souhlas\u00edm s&nbsp;t\u00edm, \u017ee by \u017e\u00e1ci u\u017e od prvn\u00ed t\u0159\u00eddy m\u011bli m\u00edt pon\u011bt\u00ed o&nbsp;vyhled\u00e1v\u00e1n\u00ed informac\u00ed, pr\u00e1ci s&nbsp;textem, atd. V&nbsp;ka\u017ed\u00e9 \u010d\u00e1sti bylo v\u0161e p\u0159ehledn\u011b vysv\u011btlen\u00e9 a&nbsp;d\u00e1 se z&nbsp;toho spoustu v\u011bc\u00ed \u010derpat. Bylo by toho hodn\u011b, co bych mohla vyp\u00edchnout. T\u011b\u0161\u00edm se, a\u017e tyto v\u0161echny z\u00edskan\u00e9 informace budu moct p\u0159edat \u017e\u00e1k\u016fm.<\/p>\n<cite>Mgr. Hana Ro\u010dkov\u00e1<\/cite><\/blockquote>\n\n\n\n<blockquote class=\"wp-block-quote is-layout-flow wp-block-quote-is-layout-flow\">\n<p id=\"block-195237ad-3923-4dff-9c71-7b5c8dc24e6d\">Jsem nad\u0161ena, kombinace genetick\u00e9 metody a&nbsp;analyticko-syntetick\u00e9 se mi zd\u00e1 velmi p\u0159\u00edzniv\u00e1 a&nbsp;rozhodn\u011b ji chci od z\u00e1\u0159\u00ed vyu\u017e\u00edt. Moc se mi l\u00edb\u00ed tak\u00e9 \u010dten\u00ed s&nbsp;porozum\u011bn\u00edm ji\u017e prakticky hned, co se \u017e\u00e1ci nau\u010d\u00ed \u010d\u00edst&nbsp;prvn\u00ed p\u00edsmena.<\/p>\n<cite>Mgr. Lada Ad\u00e1mkov\u00e1<\/cite><\/blockquote>\n\n\n\n<blockquote class=\"wp-block-quote is-layout-flow wp-block-quote-is-layout-flow\">\n<p id=\"block-195237ad-3923-4dff-9c71-7b5c8dc24e6d\">Semin\u00e1\u0159 pova\u017euji za velmi zda\u0159il\u00fd, se spoustou n\u00e1zorn\u00fdch uk\u00e1zek a&nbsp;doporu\u010den\u00ed vyu\u017eiteln\u00fdch v&nbsp;praxi. M\u011bl by ho absolvovat ka\u017ed\u00fd z&nbsp;elementarist\u016f, a\u0165 u\u017e pou\u017e\u00edv\u00e1 zmi\u0148ovan\u00e9 u\u010debnice \u010di&nbsp;nikoliv.<\/p>\n<cite>Mgr. Hana Zikmundov\u00e1<\/cite><\/blockquote>\n\n\n\n<p class=\"has-text-align-right\">zp\u011bt na p\u0159\u00edsp\u011bvek <a href=\"https:\/\/nns.cz\/amos\/webinar-amos-soubor-vzdelavacich-materialu-pro-1-rocnik-zdarma\" target=\"_blank\" rel=\"noreferrer noopener\">Online semin\u00e1\u0159 \u201eAMOS\u201c<\/a><\/p>\n\n\n\n<p class=\"has-text-align-right\"><\/p>\n","protected":false},"excerpt":{"rendered":"<p>zp\u011bt na p\u0159\u00edsp\u011bvek Online semin\u00e1\u0159 \u201eAMOS\u201c Velice d\u011bkujeme za Va\u0161e ohlasy a&nbsp;za mo\u017enost je zve\u0159ejnit: Skv\u011bl\u00e9 p\u0159edstaven\u00ed u\u010debnic, vysv\u011btlen\u00ed, zd\u016fvodn\u011bn\u00ed postup\u016f. \u00da\u017easn\u00e9 propracov\u00e1n\u00ed, velmi r\u00e1da pou\u017e\u00edv\u00e1m pracovn\u00ed listy, uvol\u0148ova\u010dky a&nbsp;dal\u0161\u00ed v&nbsp;na\u0161\u00ed Z\u0160 speci\u00e1ln\u00ed. Rozhodn\u011b doporu\u010duji semin\u00e1\u0159 nejen u\u010ditel\u016fm, ale i&nbsp;rodi\u010d\u016fm. &hellip; <\/p>\n","protected":false},"author":20,"featured_media":0,"parent":0,"menu_order":0,"comment_status":"closed","ping_status":"closed","template":"","meta":{"footnotes":""},"class_list":["post-3593","page","type-page","status-publish","hentry"],"_links":{"self":[{"href":"https:\/\/nns.cz\/amos\/wp-json\/wp\/v2\/pages\/3593","targetHints":{"allow":["GET"]}}],"collection":[{"href":"https:\/\/nns.cz\/amos\/wp-json\/wp\/v2\/pages"}],"about":[{"href":"https:\/\/nns.cz\/amos\/wp-json\/wp\/v2\/types\/page"}],"author":[{"embeddable":true,"href":"https:\/\/nns.cz\/amos\/wp-json\/wp\/v2\/users\/20"}],"replies":[{"embeddable":true,"href":"https:\/\/nns.cz\/amos\/wp-json\/wp\/v2\/comments?post=3593"}],"version-history":[{"count":6,"href":"https:\/\/nns.cz\/amos\/wp-json\/wp\/v2\/pages\/3593\/revisions"}],"predecessor-version":[{"id":4269,"href":"https:\/\/nns.cz\/amos\/wp-json\/wp\/v2\/pages\/3593\/revisions\/4269"}],"wp:attachment":[{"href":"https:\/\/nns.cz\/amos\/wp-json\/wp\/v2\/media?parent=3593"}],"curies":[{"name":"wp","href":"https:\/\/api.w.org\/{rel}","templated":true}]}}