{"id":2324,"date":"2020-11-06T08:51:29","date_gmt":"2020-11-06T07:51:29","guid":{"rendered":"https:\/\/nns.cz\/amos\/?page_id=2324"},"modified":"2020-11-06T08:51:29","modified_gmt":"2020-11-06T07:51:29","slug":"pisanka-1dil-strana-4","status":"publish","type":"page","link":"https:\/\/nns.cz\/amos\/pisanka-1dil-strana-4\/","title":{"rendered":"P\u00edsanka 1.&nbsp;d\u00edl \u2013 strana 4"},"content":{"rendered":"\n<div class=\"wp-block-group is-layout-flow wp-block-group-is-layout-flow\"><div class=\"wp-block-group__inner-container\"><\/div><\/div>\n\n\n\n<figure class=\"wp-block-embed-youtube wp-block-embed is-type-video is-provider-youtube wp-embed-aspect-4-3 wp-has-aspect-ratio wp-embed-aspect-16-9\"><div class=\"wp-block-embed__wrapper\">\n<iframe loading=\"lazy\" title=\"P\u00edsanka 1 (psan\u00ed u, \u00fa, \u016f), str. 4\" width=\"832\" height=\"468\" src=\"https:\/\/www.youtube.com\/embed\/Ooq8tw6EboI?feature=oembed\" frameborder=\"0\" allow=\"accelerometer; autoplay; clipboard-write; encrypted-media; gyroscope; picture-in-picture; web-share\" allowfullscreen><\/iframe><script type=\"application\/json\" data-arve-oembed>{\"title\":\"P\u00edsanka 1 (psan\u00ed u, \u00fa, \u016f), str. 4\",\"author_name\":\"Online v\u00fduka\",\"author_url\":\"https:\/\/www.youtube.com\/@onlinevyuka5163\",\"type\":\"video\",\"height\":\"468\",\"width\":\"832\",\"version\":\"1.0\",\"provider_name\":\"YouTube\",\"provider_url\":\"https:\/\/www.youtube.com\/\",\"thumbnail_height\":\"360\",\"thumbnail_width\":\"480\",\"thumbnail_url\":\"https:\/\/i.ytimg.com\/vi\/Ooq8tw6EboI\/hqdefault.jpg\",\"html\":\"&lt;iframe width=&quot;832&quot; height=&quot;468&quot; src=&quot;https:\/\/www.youtube.com\/embed\/Ooq8tw6EboI?feature=oembed&quot; frameborder=&quot;0&quot; allow=&quot;accelerometer; autoplay; clipboard-write; encrypted-media; gyroscope; picture-in-picture; web-share&quot; allowfullscreen title=&quot;P\u00edsanka 1 (psan\u00ed u, \u00fa, \u016f), str. 4&quot;&gt;&lt;\/iframe&gt;\",\"arve_cachetime\":\"2023-10-28 07:42:28\",\"arve_url\":\"https:\/\/www.youtube.com\/watch?v=Ooq8tw6EboI&amp;feature=youtu.be\",\"arve_srcset\":\"https:\/\/i.ytimg.com\/vi\/Ooq8tw6EboI\/mqdefault.jpg 320w, https:\/\/i.ytimg.com\/vi\/Ooq8tw6EboI\/hqdefault.jpg 480w, https:\/\/i.ytimg.com\/vi\/Ooq8tw6EboI\/sddefault.jpg 640w, https:\/\/i.ytimg.com\/vi\/Ooq8tw6EboI\/maxresdefault.jpg 1280w\"}<\/script>\n<\/div><\/figure>\n\n\n\n<div class=\"wp-block-columns is-layout-flex wp-container-core-columns-is-layout-9d6595d7 wp-block-columns-is-layout-flex\">\n<div class=\"wp-block-column is-layout-flow wp-block-column-is-layout-flow\" style=\"flex-basis:25%\">\n<figure class=\"wp-block-image size-large\"><a href=\"https:\/\/nns.cz\/amos\/pisanka-1dil-strana-3\/\"><img loading=\"lazy\" decoding=\"async\" width=\"100\" height=\"99\" src=\"https:\/\/nns.cz\/amos\/wp-content\/uploads\/2020\/08\/3.jpg\" alt=\"\" class=\"wp-image-1937\" srcset=\"https:\/\/nns.cz\/amos\/wp-content\/uploads\/2020\/08\/3.jpg 100w, https:\/\/nns.cz\/amos\/wp-content\/uploads\/2020\/08\/3-60x60.jpg 60w\" sizes=\"auto, (max-width: 100px) 100vw, 100px\" \/><\/a><\/figure>\n<\/div>\n\n\n\n<div class=\"wp-block-column is-layout-flow wp-block-column-is-layout-flow\" style=\"flex-basis:50%\">\n<div class=\"wp-block-image\"><figure class=\"aligncenter size-large is-resized\"><a href=\"https:\/\/nns.cz\/amos\/pisanka-1dil\/\"><img loading=\"lazy\" decoding=\"async\" src=\"https:\/\/nns.cz\/amos\/wp-content\/uploads\/2020\/08\/ag\u00e1ta_ABC.png\" alt=\"\" class=\"wp-image-2019\" width=\"238\" height=\"93\" srcset=\"https:\/\/nns.cz\/amos\/wp-content\/uploads\/2020\/08\/ag\u00e1ta_ABC.png 812w, https:\/\/nns.cz\/amos\/wp-content\/uploads\/2020\/08\/ag\u00e1ta_ABC-300x117.png 300w, https:\/\/nns.cz\/amos\/wp-content\/uploads\/2020\/08\/ag\u00e1ta_ABC-768x301.png 768w\" sizes=\"auto, (max-width: 238px) 100vw, 238px\" \/><\/a><\/figure><\/div>\n<\/div>\n\n\n\n<div class=\"wp-block-column is-layout-flow wp-block-column-is-layout-flow\" style=\"flex-basis:25%\">\n<div class=\"wp-block-image\"><figure class=\"alignright size-large\"><a href=\"https:\/\/nns.cz\/amos\/pisanka-1dil-strana-5\/\"><img loading=\"lazy\" decoding=\"async\" width=\"100\" height=\"99\" src=\"https:\/\/nns.cz\/amos\/wp-content\/uploads\/2020\/08\/5.jpg\" alt=\"\" class=\"wp-image-1939\" srcset=\"https:\/\/nns.cz\/amos\/wp-content\/uploads\/2020\/08\/5.jpg 100w, https:\/\/nns.cz\/amos\/wp-content\/uploads\/2020\/08\/5-60x60.jpg 60w\" sizes=\"auto, (max-width: 100px) 100vw, 100px\" \/><\/a><\/figure><\/div>\n<\/div>\n<\/div>\n\n\n\n<p><\/p>\n","protected":false},"excerpt":{"rendered":"","protected":false},"author":20,"featured_media":0,"parent":0,"menu_order":0,"comment_status":"closed","ping_status":"closed","template":"","meta":{"footnotes":""},"class_list":["post-2324","page","type-page","status-publish","hentry"],"_links":{"self":[{"href":"https:\/\/nns.cz\/amos\/wp-json\/wp\/v2\/pages\/2324","targetHints":{"allow":["GET"]}}],"collection":[{"href":"https:\/\/nns.cz\/amos\/wp-json\/wp\/v2\/pages"}],"about":[{"href":"https:\/\/nns.cz\/amos\/wp-json\/wp\/v2\/types\/page"}],"author":[{"embeddable":true,"href":"https:\/\/nns.cz\/amos\/wp-json\/wp\/v2\/users\/20"}],"replies":[{"embeddable":true,"href":"https:\/\/nns.cz\/amos\/wp-json\/wp\/v2\/comments?post=2324"}],"version-history":[{"count":1,"href":"https:\/\/nns.cz\/amos\/wp-json\/wp\/v2\/pages\/2324\/revisions"}],"predecessor-version":[{"id":2325,"href":"https:\/\/nns.cz\/amos\/wp-json\/wp\/v2\/pages\/2324\/revisions\/2325"}],"wp:attachment":[{"href":"https:\/\/nns.cz\/amos\/wp-json\/wp\/v2\/media?parent=2324"}],"curies":[{"name":"wp","href":"https:\/\/api.w.org\/{rel}","templated":true}]}}