{"id":981,"date":"2019-02-26T17:16:45","date_gmt":"2019-02-26T16:16:45","guid":{"rendered":"http:\/\/nns.cz\/agata\/?page_id=981"},"modified":"2019-07-03T12:13:39","modified_gmt":"2019-07-03T10:13:39","slug":"roto","status":"publish","type":"page","link":"https:\/\/nns.cz\/agata\/roto\/","title":{"rendered":"Roto Abeceda"},"content":{"rendered":"<p>Ve spolupr\u00e1ci se spole\u010dnost\u00ed EFKO jsme pro V\u00e1s p\u0159ipravili jedine\u010dnou <strong>stavebnicovou sadu pro konstrukci p\u00edsmen<\/strong>. Sada obsahuje d\u00edly pro sestaven\u00ed ka\u017ed\u00e9ho velk\u00e9ho tiskac\u00edho p\u00edsmene abecedy.<\/p>\n<p><img decoding=\"async\" class=\"aligncenter size-large wp-image-985\" src=\"https:\/\/nns.cz\/agata\/wp-content\/uploads\/Roto-Abeceda-uk\u00e1zka-1024x357.png\" alt=\"\" width=\"1000\" srcset=\"https:\/\/nns.cz\/agata\/wp-content\/uploads\/Roto-Abeceda-uk\u00e1zka-1024x357.png 1024w, https:\/\/nns.cz\/agata\/wp-content\/uploads\/Roto-Abeceda-uk\u00e1zka-300x105.png 300w, https:\/\/nns.cz\/agata\/wp-content\/uploads\/Roto-Abeceda-uk\u00e1zka-768x268.png 768w, https:\/\/nns.cz\/agata\/wp-content\/uploads\/Roto-Abeceda-uk\u00e1zka-600x209.png 600w, https:\/\/nns.cz\/agata\/wp-content\/uploads\/Roto-Abeceda-uk\u00e1zka-1320x460.png 1320w\" sizes=\"(max-width: 1024px) 100vw, 1024px\" \/><br \/>\n\u017d\u00e1ci p\u0159i sestavov\u00e1n\u00ed p\u00edsmene \u0161roubov\u00e1n\u00edm z\u00edsk\u00e1vaj\u00ed <strong>manu\u00e1ln\u00ed zru\u010dnost<\/strong>, rozv\u00edj\u00ed p\u0159edstavivost a&nbsp;procvi\u010duj\u00ed jemnou motoriku. Lze si zvolit z&nbsp;levn\u011bj\u0161\u00ed <strong>varianty v&nbsp;uzav\u00edrateln\u00e9m s\u00e1\u010dku<\/strong> a&nbsp;<strong>varianty v&nbsp;krabi\u010dce<\/strong>. Krabi\u010dka je nejen ide\u00e1ln\u00ed k&nbsp;ulo\u017een\u00ed sady, ale lze ji v\u00fdborn\u011b vyu\u017e\u00edt i&nbsp;jako pracovn\u00ed plochu, ve kter\u00e9 se pot\u0159ebn\u00e9 d\u00edly udr\u017e\u00ed na spr\u00e1vn\u00e9m m\u00edst\u011b.<\/p>\n<p><strong>Metodick\u00fd n\u00e1vod<\/strong> v\u00a0elektronick\u00e9 podob\u011b zahrnuj\u00edc\u00ed grafick\u00e9 n\u00e1vrhy p\u00edsmen, pl\u00e1nky se sestavami a\u00a0 instrukt\u00e1\u017en\u00ed videa je k\u00a0dispozici zdarma na ve form\u00e1tu <strong><a href=\"https:\/\/www.mediacreator.cz\/mc\/?opentitle=Roto\/Roto.mc\">MIU\u010d+ ROTO ABECEDA<\/a><\/strong>.<\/p>\n","protected":false},"excerpt":{"rendered":"<p>Ve spolupr\u00e1ci se spole\u010dnost\u00ed EFKO jsme pro V\u00e1s p\u0159ipravili jedine\u010dnou stavebnicovou sadu pro konstrukci p\u00edsmen. Sada obsahuje d\u00edly pro sestaven\u00ed ka\u017ed\u00e9ho velk\u00e9ho tiskac\u00edho p\u00edsmene abecedy. \u017d\u00e1ci p\u0159i sestavov\u00e1n\u00ed p\u00edsmene \u0161roubov\u00e1n\u00edm z\u00edsk\u00e1vaj\u00ed manu\u00e1ln\u00ed zru\u010dnost, rozv\u00edj\u00ed p\u0159edstavivost a&nbsp;procvi\u010duj\u00ed jemnou motoriku. Lze si &hellip; <\/p>\n","protected":false},"author":1,"featured_media":0,"parent":0,"menu_order":0,"comment_status":"closed","ping_status":"closed","template":"","meta":{"footnotes":""},"class_list":["post-981","page","type-page","status-publish","hentry"],"_links":{"self":[{"href":"https:\/\/nns.cz\/agata\/wp-json\/wp\/v2\/pages\/981","targetHints":{"allow":["GET"]}}],"collection":[{"href":"https:\/\/nns.cz\/agata\/wp-json\/wp\/v2\/pages"}],"about":[{"href":"https:\/\/nns.cz\/agata\/wp-json\/wp\/v2\/types\/page"}],"author":[{"embeddable":true,"href":"https:\/\/nns.cz\/agata\/wp-json\/wp\/v2\/users\/1"}],"replies":[{"embeddable":true,"href":"https:\/\/nns.cz\/agata\/wp-json\/wp\/v2\/comments?post=981"}],"version-history":[{"count":8,"href":"https:\/\/nns.cz\/agata\/wp-json\/wp\/v2\/pages\/981\/revisions"}],"predecessor-version":[{"id":1077,"href":"https:\/\/nns.cz\/agata\/wp-json\/wp\/v2\/pages\/981\/revisions\/1077"}],"wp:attachment":[{"href":"https:\/\/nns.cz\/agata\/wp-json\/wp\/v2\/media?parent=981"}],"curies":[{"name":"wp","href":"https:\/\/api.w.org\/{rel}","templated":true}]}}