{"id":255,"date":"2017-02-18T10:51:55","date_gmt":"2017-02-18T09:51:55","guid":{"rendered":"http:\/\/nns.cz\/agata\/?page_id=255"},"modified":"2025-04-08T16:44:54","modified_gmt":"2025-04-08T14:44:54","slug":"ziva-abeceda-slabikar-uvolnovaci-cviky-a-pisanky-cteme-a-piseme-s-agatou","status":"publish","type":"page","link":"https:\/\/nns.cz\/agata\/ziva-abeceda-slabikar-uvolnovaci-cviky-a-pisanky-cteme-a-piseme-s-agatou\/","title":{"rendered":"\u017div\u00e1 abeceda, Slabik\u00e1\u0159, Uvol\u0148ovac\u00ed cviky a&nbsp;P\u00edsanky"},"content":{"rendered":"\n<h2 class=\"wp-block-heading\">\u017div\u00e1 abeceda<\/h2>\n\n\n<div class=\"wp-block-image\">\n<figure class=\"aligncenter\"><a href=\"https:\/\/nns.cz\/agata\/wp-content\/uploads\/2017\/02\/UK\u00c1ZKA-\u017dIV\u00c1-ABECEDA-\u010cTEME-A-P\u00cd\u0160EME-S-AG\u00c1TOU.png\"><img loading=\"lazy\" decoding=\"async\" width=\"1024\" height=\"1002\" src=\"https:\/\/nns.cz\/agata\/wp-content\/uploads\/2017\/02\/UK\u00c1ZKA-\u017dIV\u00c1-ABECEDA-\u010cTEME-A-P\u00cd\u0160EME-S-AG\u00c1TOU-1024x1002.png\" alt=\"\" class=\"wp-image-259\" srcset=\"https:\/\/nns.cz\/agata\/wp-content\/uploads\/2017\/02\/UK\u00c1ZKA-\u017dIV\u00c1-ABECEDA-\u010cTEME-A-P\u00cd\u0160EME-S-AG\u00c1TOU-1024x1002.png 1024w, https:\/\/nns.cz\/agata\/wp-content\/uploads\/2017\/02\/UK\u00c1ZKA-\u017dIV\u00c1-ABECEDA-\u010cTEME-A-P\u00cd\u0160EME-S-AG\u00c1TOU-300x293.png 300w, https:\/\/nns.cz\/agata\/wp-content\/uploads\/2017\/02\/UK\u00c1ZKA-\u017dIV\u00c1-ABECEDA-\u010cTEME-A-P\u00cd\u0160EME-S-AG\u00c1TOU-768x751.png 768w, https:\/\/nns.cz\/agata\/wp-content\/uploads\/2017\/02\/UK\u00c1ZKA-\u017dIV\u00c1-ABECEDA-\u010cTEME-A-P\u00cd\u0160EME-S-AG\u00c1TOU-60x60.png 60w\" sizes=\"auto, (max-width: 1024px) 100vw, 1024px\" \/><\/a><\/figure><\/div>\n\n<div class=\"inventory\" data-filter=\"false\" data-next=\"false\" data-cart=\"false\" data-ids=\"1272\"><\/div>\n\n\n\n<p>\u017div\u00e1 abeceda je ur\u010dena pro v\u00fduku \u010dten\u00ed v&nbsp;1.&nbsp;obdob\u00ed, a&nbsp;to p\u0159i seznamov\u00e1n\u00ed se s&nbsp;prvn\u00edmi p\u00edsmeny, slabikami a&nbsp;slovy. Obsahuje postupn\u00e9 vyvozen\u00ed hl\u00e1sek a&nbsp;p\u00edsmen A, M, L, E, S, O, P, U, I. \u0158azen\u00ed p\u00edsmen vych\u00e1z\u00ed z&nbsp;ov\u011b\u0159en\u00e9 zku\u0161enosti. Postup vyvozen\u00ed a&nbsp;procvi\u010dov\u00e1n\u00ed ka\u017ed\u00e9ho p\u00edsmene i&nbsp;slabiky se dr\u017e\u00ed jednotn\u00e9ho sch\u00e9matu. \u017d\u00e1ci se na stran\u00e1ch l\u00e9pe orientuj\u00ed a&nbsp;mohou se soust\u0159edit na pochopen\u00ed z\u00e1kladn\u00edch \u010dten\u00e1\u0159sk\u00fdch dovednost\u00ed.<\/p>\n\n\n\n<p><br><\/p>\n\n\n\n<h2 class=\"wp-block-heading\">Slabik\u00e1\u0159<\/h2>\n\n\n\n<p>Slabik\u00e1\u0159 je k&nbsp;dispozici ve form\u00e1tu <strong>t\u0159\u00ed samostatn\u00fdch d\u00edl\u016f<\/strong>, nab\u00edz\u00edme v\u0161ak tak\u00e9 <strong>variantu 1.&nbsp;a&nbsp;2.&nbsp;d\u00edlu Slabik\u00e1\u0159e v\u00e1zan\u00fdch spole\u010dn\u011b do pevn\u00e9 mechov\u00e9 vazby<\/strong>.<\/p>\n\n\n<div class=\"inventory\" data-filter=\"false\" data-next=\"false\" data-cart=\"false\" data-ids=\"1273,1274,1275, 1276\"><\/div>\n\n\n\n<ul class=\"wp-block-list\">\n<li>1.&nbsp;a&nbsp;2.&nbsp;d\u00edl Slabik\u00e1\u0159e pokra\u010duj\u00ed v&nbsp;<strong>postupn\u00e9m vyvozov\u00e1n\u00ed p\u00edsmen a&nbsp;\u010dten\u00ed slov<\/strong>. \u017d\u00e1ci se ji\u017e tak\u00e9 seznamuj\u00ed s&nbsp;kr\u00e1tk\u00fdmi texty a&nbsp;u\u010d\u00ed se s&nbsp;nimi pracovat. V\u0161echny \u00fakoly a&nbsp;cvi\u010den\u00ed podporuj\u00ed n\u00e1cvik \u010dten\u00ed a&nbsp;psan\u00ed s&nbsp;porozum\u011bn\u00edm.<\/li>\n\n\n\n<li>3.&nbsp;d\u00edl Slabik\u00e1\u0159e m\u00e1 ji\u017e <strong>\u010d\u00edtankov\u00fd charakter<\/strong>. Texty jsou \u0159azeny od jednodu\u0161\u0161\u00edch k&nbsp;obt\u00ed\u017en\u011bj\u0161\u00edm a&nbsp;\u017e\u00e1ci jsou vedeni k&nbsp;systematick\u00e9 pr\u00e1ci s&nbsp;nimi.<\/li>\n<\/ul>\n\n\n<div class=\"wp-block-image\">\n<figure class=\"aligncenter\"><a href=\"https:\/\/nns.cz\/agata\/wp-content\/uploads\/2017\/02\/UK\u00c1ZKA-SLABIK\u00c1\u0158-\u010cTEME-A-P\u00cd\u0160EME-S-AG\u00c1TOU.png\"><img loading=\"lazy\" decoding=\"async\" width=\"982\" height=\"1024\" src=\"https:\/\/nns.cz\/agata\/wp-content\/uploads\/2017\/02\/UK\u00c1ZKA-SLABIK\u00c1\u0158-\u010cTEME-A-P\u00cd\u0160EME-S-AG\u00c1TOU-982x1024.png\" alt=\"\" class=\"wp-image-261\" srcset=\"https:\/\/nns.cz\/agata\/wp-content\/uploads\/2017\/02\/UK\u00c1ZKA-SLABIK\u00c1\u0158-\u010cTEME-A-P\u00cd\u0160EME-S-AG\u00c1TOU-982x1024.png 982w, https:\/\/nns.cz\/agata\/wp-content\/uploads\/2017\/02\/UK\u00c1ZKA-SLABIK\u00c1\u0158-\u010cTEME-A-P\u00cd\u0160EME-S-AG\u00c1TOU-288x300.png 288w, https:\/\/nns.cz\/agata\/wp-content\/uploads\/2017\/02\/UK\u00c1ZKA-SLABIK\u00c1\u0158-\u010cTEME-A-P\u00cd\u0160EME-S-AG\u00c1TOU-768x801.png 768w\" sizes=\"auto, (max-width: 982px) 100vw, 982px\" \/><\/a><\/figure><\/div>\n\n\n<p>Stejn\u011b jako v&nbsp;\u017div\u00e9 abeced\u011b jsou \u017e\u00e1ci i&nbsp;ve Slabik\u00e1\u0159i vedeni k&nbsp;<strong>samostatn\u00e9mu \u010dten\u00ed zad\u00e1n\u00ed pomoc\u00ed piktogram\u016f<\/strong>. Postupn\u011b, jak \u017e\u00e1ci um\u011bj\u00ed p\u0159e\u010d\u00edst jednotliv\u00e1 slova v&nbsp;pokynech, jsou piktogramy nahrazov\u00e1ny slovy \u010di cel\u00fdm psan\u00fdm pokynem. <strong>Druh\u00e9 \u010d\u00edslov\u00e1n\u00ed<\/strong> v&nbsp;horn\u00ed \u010d\u00e1sti jednotliv\u00fdch str\u00e1nek usnad\u0148uj\u00edc\u00ed orientaci \u017e\u00e1ka je uvedeno i&nbsp;ve v\u0161ech d\u00edlech Slabik\u00e1\u0159e.<br><\/p>\n\n\n\n<h2 class=\"wp-block-heading\">Uvol\u0148ovac\u00ed cviky a&nbsp;Psan\u00ed \u010d\u00edslic<\/h2>\n\n\n\n<p>Uvol\u0148ovac\u00ed cviky a&nbsp;Psan\u00ed \u010d\u00edslic je pracovn\u00ed se\u0161it ur\u010den\u00fd k&nbsp;p\u0159\u00edprav\u011b na psan\u00ed. Jeho \u00fakolem je uvoln\u011bn\u00ed ruky \u017e\u00e1ka tak, aby se mohlo v&nbsp;P\u00edsank\u00e1ch za\u010d\u00edt s&nbsp;v\u00fdukou psac\u00edho p\u00edsma. Se\u0161it je<strong> oboustrann\u00fd<\/strong>: z&nbsp;jedn\u00e9 strany obsahuje <strong>uvol\u0148ovac\u00ed cviky<\/strong> a&nbsp;n\u00e1cvik jednotliv\u00fdch prvk\u016f psac\u00edho p\u00edsma, z&nbsp;druh\u00e9 strany pak str\u00e1nky k&nbsp;n\u00e1cviku <strong>psan\u00ed \u010d\u00edslic<\/strong>. V\u0161echny cviky p\u0159\u00edpravn\u00e9ho obdob\u00ed jsou dopln\u011bny <strong>\u0159\u00edkankou<\/strong>, kter\u00e1 slou\u017e\u00ed k&nbsp;tomu, aby \u017e\u00e1ci<strong> cvik v&nbsp;rytmu<\/strong> \u0159\u00edkanky prov\u00e1d\u011bli plynuleji.<\/p>\n\n\n<div class=\"inventory\" data-filter=\"false\" data-next=\"false\" data-cart=\"false\" data-ids=\"1278\"><\/div>\n\n\n\n<h2 class=\"wp-block-heading\">P\u00edsanky<\/h2>\n\n\n\n<p>P\u00edsanky (1., 2.&nbsp;a&nbsp;3.&nbsp;d\u00edl) obsahuj\u00ed <strong>postupn\u00fd n\u00e1cvik jednotliv\u00fdch p\u00edsmen<\/strong>. Metodicky je v\u017edy nejd\u0159\u00edve za\u0159azeno <strong>sezn\u00e1men\u00ed<\/strong> s&nbsp;dan\u00fdm p\u00edsmenem, pak jeho <strong>spr\u00e1vn\u00e1 vazba<\/strong> ve slabik\u00e1ch \u010di slovech, d\u00e1le navazuje <strong>p\u0159epis<\/strong>, psan\u00ed <strong>podle obr\u00e1zk\u016f <\/strong>s n\u00e1pov\u011bdou a&nbsp;nakonec <strong>autodikt\u00e1t, tedy samostatn\u00e9 psan\u00ed podle obr\u00e1zk\u016f<\/strong>. Postupn\u011b jsou \u017e\u00e1ci vedeni k&nbsp;opisu a&nbsp;p\u0159episu v\u011bt, jednoduch\u00fdm <strong>odpov\u011bd\u00edm na ot\u00e1zky<\/strong> a&nbsp;<strong>z\u00e1klad\u016fm vysuzov\u00e1n\u00ed<\/strong>.<\/p>\n\n\n<div class=\"inventory\" data-filter=\"false\" data-next=\"false\" data-cart=\"false\" data-ids=\"1279,1280,1281\"><\/div>\n\n\n\n<p>V\u00fduka <strong>velk\u00fdch tvar\u016f<\/strong> v\u00e1zan\u00e9ho p\u00edsma je za\u0159azena<strong> ve 3.&nbsp;d\u00edle<\/strong> P\u00edsanky, kdy se \u017e\u00e1ci na konci 1.&nbsp;ro\u010dn\u00edku po zafixov\u00e1n\u00ed psan\u00ed mal\u00fdch tvar\u016f v\u00e1zan\u00e9ho p\u00edsma mohou l\u00e9pe soust\u0159edit na obt\u00ed\u017en\u011bj\u0161\u00ed velk\u00e9 tvary. Velk\u00e9 tvary jsou za sebou \u0159azeny podle tvarov\u00fdch skupin.<\/p>\n\n\n\n<p>Prohl\u00e9dn\u011bte si cel\u00e9 u\u010debnice v\u010detn\u011b dopl\u0148kov\u00e9ho obsahu v&nbsp;elekronick\u00e9 verzi MIU\u010d+ na ucebnice-online.cz <a href=\"https:\/\/mediacreator.cz\/mc\/index.php?sellcode=1A01\" target=\"_blank\" rel=\"noreferrer noopener\">kliknut\u00edm zde<\/a>.<\/p>\n","protected":false},"excerpt":{"rendered":"<p>\u017div\u00e1 abeceda \u017div\u00e1 abeceda je ur\u010dena pro v\u00fduku \u010dten\u00ed v&nbsp;1.&nbsp;obdob\u00ed, a&nbsp;to p\u0159i seznamov\u00e1n\u00ed se s&nbsp;prvn\u00edmi p\u00edsmeny, slabikami a&nbsp;slovy. Obsahuje postupn\u00e9 vyvozen\u00ed hl\u00e1sek a&nbsp;p\u00edsmen A, M, L, E, S, O, P, U, I. \u0158azen\u00ed p\u00edsmen vych\u00e1z\u00ed z&nbsp;ov\u011b\u0159en\u00e9 zku\u0161enosti. Postup vyvozen\u00ed a&nbsp;procvi\u010dov\u00e1n\u00ed &hellip; <\/p>\n","protected":false},"author":1,"featured_media":0,"parent":0,"menu_order":0,"comment_status":"closed","ping_status":"closed","template":"","meta":{"footnotes":""},"class_list":["post-255","page","type-page","status-publish","hentry"],"_links":{"self":[{"href":"https:\/\/nns.cz\/agata\/wp-json\/wp\/v2\/pages\/255","targetHints":{"allow":["GET"]}}],"collection":[{"href":"https:\/\/nns.cz\/agata\/wp-json\/wp\/v2\/pages"}],"about":[{"href":"https:\/\/nns.cz\/agata\/wp-json\/wp\/v2\/types\/page"}],"author":[{"embeddable":true,"href":"https:\/\/nns.cz\/agata\/wp-json\/wp\/v2\/users\/1"}],"replies":[{"embeddable":true,"href":"https:\/\/nns.cz\/agata\/wp-json\/wp\/v2\/comments?post=255"}],"version-history":[{"count":22,"href":"https:\/\/nns.cz\/agata\/wp-json\/wp\/v2\/pages\/255\/revisions"}],"predecessor-version":[{"id":1398,"href":"https:\/\/nns.cz\/agata\/wp-json\/wp\/v2\/pages\/255\/revisions\/1398"}],"wp:attachment":[{"href":"https:\/\/nns.cz\/agata\/wp-json\/wp\/v2\/media?parent=255"}],"curies":[{"name":"wp","href":"https:\/\/api.w.org\/{rel}","templated":true}]}}