{"id":178,"date":"2017-02-13T20:52:03","date_gmt":"2017-02-13T19:52:03","guid":{"rendered":"http:\/\/nns.cz\/agata\/?page_id=178"},"modified":"2018-06-11T12:07:16","modified_gmt":"2018-06-11T10:07:16","slug":"zdokonalujeme-cteni","status":"publish","type":"page","link":"https:\/\/nns.cz\/agata\/zdokonalujeme-cteni\/","title":{"rendered":"Zdokonalujeme \u010dten\u00ed"},"content":{"rendered":"<p style=\"text-align: justify;\">Dlouhodob\u011bj\u0161\u00ed syst\u00e9m pr\u00e1ce k&nbsp;<strong>upev\u0148ov\u00e1n\u00ed a&nbsp;prohlubov\u00e1n\u00ed z\u00e1kladn\u00edch \u010dten\u00e1\u0159sk\u00fdch dovednost\u00ed<\/strong> a&nbsp;k&nbsp;zlep\u0161ov\u00e1n\u00ed \u010dten\u00e1\u0159sk\u00e9ho v\u00fdkonu p\u0159in\u00e1\u0161\u00ed soubor \u201eZdokonalujeme \u010dten\u00ed\u201c, ve kter\u00e9m je \u010dten\u00ed p\u00edsmen, slabik, prvn\u00edch slov a&nbsp;\u010dten\u00ed slov r\u016fzn\u00e9 stavby systematizov\u00e1no, c\u00edlen\u011b prohlubov\u00e1no a&nbsp;docvi\u010dov\u00e1no.<\/p>\n<p><img decoding=\"async\" class=\"wp-image-186 size-medium alignnone alignleft\" src=\"https:\/\/nns.cz\/agata\/wp-content\/uploads\/2017\/02\/zdokonalujeme-\u010dten\u00ed-\u017eiv\u00e1-abeceda__obalka_Katalog-211x300.jpg\" width=\"150\" srcset=\"https:\/\/nns.cz\/agata\/wp-content\/uploads\/2017\/02\/zdokonalujeme-\u010dten\u00ed-\u017eiv\u00e1-abeceda__obalka_Katalog-211x300.jpg 211w, https:\/\/nns.cz\/agata\/wp-content\/uploads\/2017\/02\/zdokonalujeme-\u010dten\u00ed-\u017eiv\u00e1-abeceda__obalka_Katalog-768x1090.jpg 768w, https:\/\/nns.cz\/agata\/wp-content\/uploads\/2017\/02\/zdokonalujeme-\u010dten\u00ed-\u017eiv\u00e1-abeceda__obalka_Katalog-722x1024.jpg 722w, https:\/\/nns.cz\/agata\/wp-content\/uploads\/2017\/02\/zdokonalujeme-\u010dten\u00ed-\u017eiv\u00e1-abeceda__obalka_Katalog.jpg 1748w\" sizes=\"(max-width: 211px) 100vw, 211px\" \/><img decoding=\"async\" class=\"wp-image-183 size-medium alignnone alignleft\" src=\"https:\/\/nns.cz\/agata\/wp-content\/uploads\/2017\/02\/zdokonalujeme-\u010dten\u00ed-slabik\u00e1\u0159-1d__obalka_Katalog-211x300.jpg\" width=\"150\" srcset=\"https:\/\/nns.cz\/agata\/wp-content\/uploads\/2017\/02\/zdokonalujeme-\u010dten\u00ed-slabik\u00e1\u0159-1d__obalka_Katalog-211x300.jpg 211w, https:\/\/nns.cz\/agata\/wp-content\/uploads\/2017\/02\/zdokonalujeme-\u010dten\u00ed-slabik\u00e1\u0159-1d__obalka_Katalog-768x1090.jpg 768w, https:\/\/nns.cz\/agata\/wp-content\/uploads\/2017\/02\/zdokonalujeme-\u010dten\u00ed-slabik\u00e1\u0159-1d__obalka_Katalog-722x1024.jpg 722w, https:\/\/nns.cz\/agata\/wp-content\/uploads\/2017\/02\/zdokonalujeme-\u010dten\u00ed-slabik\u00e1\u0159-1d__obalka_Katalog.jpg 1748w\" sizes=\"(max-width: 211px) 100vw, 211px\" \/><img decoding=\"async\" class=\"wp-image-184 size-medium alignnone alignleft\" src=\"https:\/\/nns.cz\/agata\/wp-content\/uploads\/2017\/02\/zdokonalujeme-\u010dten\u00ed-slabik\u00e1\u0159-2d__obalka_Katalog-211x300.jpg\" width=\"150\" srcset=\"https:\/\/nns.cz\/agata\/wp-content\/uploads\/2017\/02\/zdokonalujeme-\u010dten\u00ed-slabik\u00e1\u0159-2d__obalka_Katalog-211x300.jpg 211w, https:\/\/nns.cz\/agata\/wp-content\/uploads\/2017\/02\/zdokonalujeme-\u010dten\u00ed-slabik\u00e1\u0159-2d__obalka_Katalog-768x1090.jpg 768w, https:\/\/nns.cz\/agata\/wp-content\/uploads\/2017\/02\/zdokonalujeme-\u010dten\u00ed-slabik\u00e1\u0159-2d__obalka_Katalog-722x1024.jpg 722w, https:\/\/nns.cz\/agata\/wp-content\/uploads\/2017\/02\/zdokonalujeme-\u010dten\u00ed-slabik\u00e1\u0159-2d__obalka_Katalog.jpg 1748w\" sizes=\"(max-width: 211px) 100vw, 211px\" \/><img decoding=\"async\" class=\"wp-image-185 size-medium alignnone alignleft\" src=\"https:\/\/nns.cz\/agata\/wp-content\/uploads\/2017\/02\/zdokonalujeme-\u010dten\u00ed-slabik\u00e1\u0159-3d__obalka_Katalog-211x300.jpg\" width=\"150\" srcset=\"https:\/\/nns.cz\/agata\/wp-content\/uploads\/2017\/02\/zdokonalujeme-\u010dten\u00ed-slabik\u00e1\u0159-3d__obalka_Katalog-211x300.jpg 211w, https:\/\/nns.cz\/agata\/wp-content\/uploads\/2017\/02\/zdokonalujeme-\u010dten\u00ed-slabik\u00e1\u0159-3d__obalka_Katalog-768x1090.jpg 768w, https:\/\/nns.cz\/agata\/wp-content\/uploads\/2017\/02\/zdokonalujeme-\u010dten\u00ed-slabik\u00e1\u0159-3d__obalka_Katalog-722x1024.jpg 722w, https:\/\/nns.cz\/agata\/wp-content\/uploads\/2017\/02\/zdokonalujeme-\u010dten\u00ed-slabik\u00e1\u0159-3d__obalka_Katalog.jpg 1748w\" sizes=\"(max-width: 211px) 100vw, 211px\" \/><\/p>\n<p>&nbsp;<\/p>\n<p>&nbsp;<\/p>\n<p>&nbsp;<\/p>\n<p>&nbsp;<\/p>\n<p>&nbsp;<\/p>\n<p style=\"text-align: justify;\"><strong>Ka\u017ed\u00fd d\u00edl souboru sv\u00fdm obsahem koresponduje s&nbsp;obsahem jednotliv\u00fdch d\u00edl\u016f u\u010debnic<\/strong> pro v\u00fduku \u010dten\u00ed v&nbsp;\u0159ad\u011b \u201e\u010cteme a&nbsp;p\u00ed\u0161eme s&nbsp;Ag\u00e1tou\u201c. Je v&nbsp;nich dodr\u017eeno jak postupn\u00e9 po\u0159ad\u00ed prob\u00edran\u00fdch p\u00edsmen a&nbsp;jejich pou\u017eit\u00fd font, tak i&nbsp;metodick\u00fd postup v\u00fduky \u010dten\u00ed slov r\u016fzn\u00e9 stavby.<\/p>\n<p style=\"text-align: justify;\">Soubor Zdokonalujeme \u010dten\u00ed m\u00e1 pomoci jak \u017e\u00e1k\u016fm, kte\u0159\u00ed si mohou t\u00edmto \u010dten\u00edm <strong>zlep\u0161it kvalitu a&nbsp;p\u0159\u00edpadn\u011b rychlost \u010dten\u00ed<\/strong>, tak t\u011bm, kte\u0159\u00ed pot\u0159ebuj\u00ed je\u0161t\u011b <strong>docvi\u010dovat z\u00e1kladn\u00ed \u010dten\u00e1\u0159sk\u00e9 dovednosti<\/strong>. Ka\u017ed\u00e9 p\u00edsmeno je v\u017edy prob\u00edr\u00e1no na v\u0161ech z\u00e1kladn\u00edch dovednostn\u00edch \u00farovn\u00edch (samotn\u00e9 p\u00edsmeno, slabika, slovo).<\/p>\n<p style=\"text-align: center;\"><a href=\"https:\/\/nns.cz\/agata\/wp-content\/uploads\/2017\/02\/Zdokonalujeme-cteni-2.dil-str11121314.jpg\"><img loading=\"lazy\" decoding=\"async\" class=\"aligncenter size-large wp-image-202\" src=\"https:\/\/nns.cz\/agata\/wp-content\/uploads\/2017\/02\/Zdokonalujeme-cteni-2.dil-str11121314-1024x366.jpg\" alt=\"\" width=\"832\" height=\"297\" srcset=\"https:\/\/nns.cz\/agata\/wp-content\/uploads\/2017\/02\/Zdokonalujeme-cteni-2.dil-str11121314-1024x366.jpg 1024w, https:\/\/nns.cz\/agata\/wp-content\/uploads\/2017\/02\/Zdokonalujeme-cteni-2.dil-str11121314-300x107.jpg 300w, https:\/\/nns.cz\/agata\/wp-content\/uploads\/2017\/02\/Zdokonalujeme-cteni-2.dil-str11121314-768x274.jpg 768w\" sizes=\"auto, (max-width: 832px) 100vw, 832px\" \/><\/a><em>(Uk\u00e1zka: Zdokonalujeme \u010dten\u00ed, 2.&nbsp;d\u00edl, \u201e\u010cteme a&nbsp;p\u00ed\u0161eme s&nbsp;Ag\u00e1tou\u201c, str. 11\u201314 &#8211; Ka\u017ed\u00e9 p\u00edsmeno je v\u017edy prob\u00edr\u00e1no na v\u0161ech z\u00e1kladn\u00edch dovednostn\u00edch \u00farovn\u00edch \u2013 samotn\u00e9 p\u00edsmeno, slabika, slovo)<\/em><\/p>\n<p style=\"text-align: justify;\">Ka\u017ed\u00fd \u017e\u00e1k m\u00e1 tak opakovanou p\u0159\u00edle\u017eitost rozv\u00edjet sv\u00e9 \u010dten\u00e1\u0159sk\u00e9 dovednosti na \u00farovni odpov\u00eddaj\u00edc\u00ed jeho p\u0159edpoklad\u016fm a&nbsp;aktu\u00e1ln\u00edm mo\u017enostem v&nbsp;pr\u016fb\u011bhu cel\u00e9ho 1.&nbsp;ro\u010dn\u00edku. T\u00edm materi\u00e1ly <strong>zaji\u0161\u0165uj\u00ed pot\u0159ebnou individualizaci ve v\u00fduce \u010dten\u00ed a&nbsp;usnad\u0148uj\u00ed inkluzi<\/strong>.<\/p>\n","protected":false},"excerpt":{"rendered":"<p>Dlouhodob\u011bj\u0161\u00ed syst\u00e9m pr\u00e1ce k&nbsp;upev\u0148ov\u00e1n\u00ed a&nbsp;prohlubov\u00e1n\u00ed z\u00e1kladn\u00edch \u010dten\u00e1\u0159sk\u00fdch dovednost\u00ed a&nbsp;k&nbsp;zlep\u0161ov\u00e1n\u00ed \u010dten\u00e1\u0159sk\u00e9ho v\u00fdkonu p\u0159in\u00e1\u0161\u00ed soubor \u201eZdokonalujeme \u010dten\u00ed\u201c, ve kter\u00e9m je \u010dten\u00ed p\u00edsmen, slabik, prvn\u00edch slov a&nbsp;\u010dten\u00ed slov r\u016fzn\u00e9 stavby systematizov\u00e1no, c\u00edlen\u011b prohlubov\u00e1no a&nbsp;docvi\u010dov\u00e1no. &nbsp; &nbsp; &nbsp; &nbsp; &nbsp; Ka\u017ed\u00fd d\u00edl souboru sv\u00fdm &hellip; <\/p>\n","protected":false},"author":1,"featured_media":0,"parent":0,"menu_order":0,"comment_status":"closed","ping_status":"closed","template":"","meta":{"footnotes":""},"class_list":["post-178","page","type-page","status-publish","hentry"],"_links":{"self":[{"href":"https:\/\/nns.cz\/agata\/wp-json\/wp\/v2\/pages\/178","targetHints":{"allow":["GET"]}}],"collection":[{"href":"https:\/\/nns.cz\/agata\/wp-json\/wp\/v2\/pages"}],"about":[{"href":"https:\/\/nns.cz\/agata\/wp-json\/wp\/v2\/types\/page"}],"author":[{"embeddable":true,"href":"https:\/\/nns.cz\/agata\/wp-json\/wp\/v2\/users\/1"}],"replies":[{"embeddable":true,"href":"https:\/\/nns.cz\/agata\/wp-json\/wp\/v2\/comments?post=178"}],"version-history":[{"count":26,"href":"https:\/\/nns.cz\/agata\/wp-json\/wp\/v2\/pages\/178\/revisions"}],"predecessor-version":[{"id":910,"href":"https:\/\/nns.cz\/agata\/wp-json\/wp\/v2\/pages\/178\/revisions\/910"}],"wp:attachment":[{"href":"https:\/\/nns.cz\/agata\/wp-json\/wp\/v2\/media?parent=178"}],"curies":[{"name":"wp","href":"https:\/\/api.w.org\/{rel}","templated":true}]}}