{"id":1234,"date":"2023-04-06T09:52:47","date_gmt":"2023-04-06T07:52:47","guid":{"rendered":"https:\/\/nns.cz\/agata\/?page_id=1234"},"modified":"2024-10-02T09:58:55","modified_gmt":"2024-10-02T07:58:55","slug":"ctenarske-zaklady","status":"publish","type":"page","link":"https:\/\/nns.cz\/agata\/ctenarske-zaklady\/","title":{"rendered":"\u010cten\u00e1\u0159sk\u00e9 a&nbsp;Pisatelsk\u00e9 z\u00e1klady"},"content":{"rendered":"\n<h4 class=\"wp-block-heading\">nab\u00edzej\u00ed <em>\u010cteme a&nbsp;p\u00ed\u0161eme s&nbsp;Ag\u00e1tou<\/em> v&nbsp;<strong>rozvoln\u011bn\u00e9 podob\u011b<\/strong>.<\/h4>\n\n\n\n<p>Premi\u00e9ra autorsk\u00e9ho p\u0159edstaven\u00ed 2.&nbsp;10.&nbsp;2024:<\/p>\n\n\n\n<figure class=\"wp-block-embed is-type-video is-provider-youtube wp-block-embed-youtube wp-embed-aspect-16-9 wp-has-aspect-ratio\"><div class=\"wp-block-embed__wrapper\">\n<iframe loading=\"lazy\" title=\"Pisatelsk\u00e9 z\u00e1klady 1,2,3 a \u010cten\u00e1\u0159sk\u00e9 z\u00e1klady 4_ z\u00e1znam p\u0159edstaven\u00ed\" width=\"832\" height=\"468\" src=\"https:\/\/www.youtube.com\/embed\/Ci6E7hJqCdE?feature=oembed\" frameborder=\"0\" allow=\"accelerometer; autoplay; clipboard-write; encrypted-media; gyroscope; picture-in-picture; web-share\" referrerpolicy=\"strict-origin-when-cross-origin\" allowfullscreen><\/iframe>\n<\/div><\/figure>\n\n\n\n<p>\u010cten\u00e1\u0159sk\u00e9 a&nbsp;Pisatelsk\u00e9 z\u00e1klady <strong>mohou slou\u017eit jako<\/strong>:<\/p>\n\n\n\n<ul class=\"wp-block-list\">\n<li><strong>podp\u016frn\u00fd<\/strong> materi\u00e1l pro <strong>\u017e\u00e1ky vyu\u017e\u00edvaj\u00edc\u00ed <a href=\"http:\/\/www.nns.cz\/agata\" data-type=\"link\" data-id=\"www.nns.cz\/agata\" target=\"_blank\" rel=\"noreferrer noopener\">\u010cteme a&nbsp;p\u00ed\u0161eme s&nbsp;Ag\u00e1tou<\/a><\/strong><\/li>\n\n\n\n<li><strong>podp\u016frn\u00fd nebo hlavn\u00ed<\/strong> materi\u00e1l pro<strong> \u017e\u00e1ky s&nbsp;podp\u016frn\u00fdm opat\u0159en\u00edm<\/strong> na r\u016fzn\u00e9 \u00farovni<\/li>\n\n\n\n<li><strong>hlavn\u00ed <\/strong>materi\u00e1l pro <strong>t\u0159\u00eddy z\u0159\u00edzen\u00e9 podle \u00a7 16\/9<\/strong><\/li>\n\n\n\n<li><strong>hlavn\u00ed<\/strong> materi\u00e1l pro <strong>t\u0159\u00eddy<\/strong> ve <strong>speci\u00e1ln\u00edch \u0161kol\u00e1ch<\/strong><\/li>\n<\/ul>\n\n\n\n<figure class=\"wp-block-image size-large\"><a href=\"https:\/\/www.nns.cz\/obchod\/?item=nabidka&amp;tags[]=62\" target=\"_blank\" rel=\"noreferrer noopener\"><img loading=\"lazy\" decoding=\"async\" width=\"1024\" height=\"752\" src=\"https:\/\/nns.cz\/agata\/wp-content\/uploads\/Ctenarske-a-pistaelske-zaklady-1024x752.png\" alt=\"\" class=\"wp-image-1349\" srcset=\"https:\/\/nns.cz\/agata\/wp-content\/uploads\/Ctenarske-a-pistaelske-zaklady-1024x752.png 1024w, https:\/\/nns.cz\/agata\/wp-content\/uploads\/Ctenarske-a-pistaelske-zaklady-300x220.png 300w, https:\/\/nns.cz\/agata\/wp-content\/uploads\/Ctenarske-a-pistaelske-zaklady-768x564.png 768w, https:\/\/nns.cz\/agata\/wp-content\/uploads\/Ctenarske-a-pistaelske-zaklady-600x440.png 600w, https:\/\/nns.cz\/agata\/wp-content\/uploads\/Ctenarske-a-pistaelske-zaklady-1536x1127.png 1536w, https:\/\/nns.cz\/agata\/wp-content\/uploads\/Ctenarske-a-pistaelske-zaklady-1320x969.png 1320w, https:\/\/nns.cz\/agata\/wp-content\/uploads\/Ctenarske-a-pistaelske-zaklady.png 1624w\" sizes=\"auto, (max-width: 1024px) 100vw, 1024px\" \/><\/a><\/figure>\n\n\n\n<h2 class=\"wp-block-heading\">D\u0159\u00edv\u011bj\u0161\u00ed autorsk\u00e1 p\u0159edstaven\u00ed:<\/h2>\n\n\n\n<h4 class=\"wp-block-heading\"><strong><a href=\"https:\/\/youtu.be\/Su8JwEOUR5E\" target=\"_blank\" rel=\"noreferrer noopener\">Autorsk\u00e9 p\u0159edstaven\u00ed k&nbsp;1.&nbsp;d\u00edlu<\/a>:<\/strong><\/h4>\n\n\n\n<figure class=\"wp-block-embed is-type-video is-provider-youtube wp-block-embed-youtube wp-embed-aspect-16-9 wp-has-aspect-ratio\"><div class=\"wp-block-embed__wrapper\">\n<iframe loading=\"lazy\" title=\"\u010cten\u00e1\u0159sk\u00e9 z\u00e1klady 1 AMOS 30.05.2023 z\u00e1znam autorsk\u00e9 prezentace\" width=\"832\" height=\"468\" src=\"https:\/\/www.youtube.com\/embed\/Su8JwEOUR5E?feature=oembed\" frameborder=\"0\" allow=\"accelerometer; autoplay; clipboard-write; encrypted-media; gyroscope; picture-in-picture; web-share\" referrerpolicy=\"strict-origin-when-cross-origin\" allowfullscreen><\/iframe>\n<\/div><\/figure>\n\n\n\n<h4 class=\"wp-block-heading\"><strong><a href=\"https:\/\/youtu.be\/MuC-mvPsol4\" target=\"_blank\" rel=\"noreferrer noopener\">Autorsk\u00e9 p\u0159edstaven\u00ed ke 2.&nbsp;d\u00edlu<\/a>:<\/strong><\/h4>\n\n\n\n<figure class=\"wp-block-embed is-type-video is-provider-youtube wp-block-embed-youtube wp-embed-aspect-16-9 wp-has-aspect-ratio\"><div class=\"wp-block-embed__wrapper\">\n<iframe loading=\"lazy\" title=\"\u010cten\u00e1\u0159sk\u00e9 z\u00e1klady 2 AMOS 19.09.2023 z\u00e1znam autorsk\u00e9 prezentace\" width=\"832\" height=\"468\" src=\"https:\/\/www.youtube.com\/embed\/MuC-mvPsol4?feature=oembed\" frameborder=\"0\" allow=\"accelerometer; autoplay; clipboard-write; encrypted-media; gyroscope; picture-in-picture; web-share\" referrerpolicy=\"strict-origin-when-cross-origin\" allowfullscreen><\/iframe>\n<\/div><\/figure>\n\n\n\n<h4 class=\"wp-block-heading\"><strong><a href=\"https:\/\/youtu.be\/yrZf1x7HGaU\" target=\"_blank\" rel=\"noreferrer noopener\">Autorsk\u00e9 p\u0159edstaven\u00ed ke 3.&nbsp;d\u00edlu<\/a>:<\/strong><\/h4>\n\n\n\n<figure class=\"wp-block-embed is-type-video is-provider-youtube wp-block-embed-youtube wp-embed-aspect-16-9 wp-has-aspect-ratio\"><div class=\"wp-block-embed__wrapper\">\n<iframe loading=\"lazy\" title=\"\u010cten\u00e1\u0159sk\u00e9 z\u00e1klady 3 AMOS 23.11.2023 z\u00e1znam autorsk\u00e9 prezentace\" width=\"832\" height=\"468\" src=\"https:\/\/www.youtube.com\/embed\/yrZf1x7HGaU?feature=oembed\" frameborder=\"0\" allow=\"accelerometer; autoplay; clipboard-write; encrypted-media; gyroscope; picture-in-picture; web-share\" referrerpolicy=\"strict-origin-when-cross-origin\" allowfullscreen><\/iframe>\n<\/div><\/figure>\n\n\n\n<h4 class=\"wp-block-heading\"><strong>\u010cten\u00e1\u0159sk\u00e9 z\u00e1klady <strong>1., 2., 3.&nbsp;a&nbsp;4.&nbsp;d\u00edl<\/strong> a&nbsp;Pisatelsk\u00e9 1., 2.&nbsp;a&nbsp;3.&nbsp;d\u00edl<\/strong>  jsou ji\u017e <strong><a href=\"https:\/\/www.nns.cz\/obchod\/?item=nabidka&amp;tags[]=62\" data-type=\"link\" data-id=\"https:\/\/www.nns.cz\/obchod\/index.php?item=nabidka2&amp;eshop_action=show_sel_data&amp;order_by=isbn&amp;cat_lev2_chbx%5B%5D=75&amp;cat_lev2_chbx%5B%5D=70&amp;cat_lev2_chbx%5B%5D=65&amp;cat_lev2_chbx%5B%5D=76&amp;cat_lev2_chbx%5B%5D=77&amp;show_pkg=1&amp;cat_lev3=X&amp;cat_lev4=X&amp;search_pat=%C4%8Dten%C3%A1%C5%99sk%C3%A9+z%C3%A1klady&amp;isbn_pat=\" target=\"_blank\" rel=\"noreferrer noopener\">skladem na www.nns.cz<\/a><\/strong> a&nbsp;u&nbsp;na\u0161ich distributor\u016f.<\/h4>\n\n\n\n<p><strong>\u010cten\u00e1\u0159sk\u00e9 a&nbsp;Pisatelsk\u00e9 z\u00e1klady <strong>1., 2., 3.&nbsp;d\u00edl<\/strong><\/strong> jsou v&nbsp;interaktivn\u00ed podob\u011b sou\u010d\u00e1st\u00ed <strong>MIU\u010d+ \u010cteme a&nbsp;p\u00ed\u0161eme s&nbsp;Ag\u00e1tou<\/strong>.<\/p>\n\n\n\n<p>N\u00ed\u017ee se m\u016f\u017eete sezn\u00e1mit s&nbsp;n\u011bkter\u00fdmi zku\u0161enostmi vyu\u010duj\u00edc\u00edch, kte\u0159\u00ed m\u011bli materi\u00e1ly k&nbsp;dispozici v&nbsp;r\u00e1mci pilotn\u00edho ov\u011b\u0159ov\u00e1n\u00ed.<\/p>\n","protected":false},"excerpt":{"rendered":"<p>nab\u00edzej\u00ed \u010cteme a&nbsp;p\u00ed\u0161eme s&nbsp;Ag\u00e1tou v&nbsp;rozvoln\u011bn\u00e9 podob\u011b. Premi\u00e9ra autorsk\u00e9ho p\u0159edstaven\u00ed 2.&nbsp;10.&nbsp;2024: \u010cten\u00e1\u0159sk\u00e9 a&nbsp;Pisatelsk\u00e9 z\u00e1klady mohou slou\u017eit jako: D\u0159\u00edv\u011bj\u0161\u00ed autorsk\u00e1 p\u0159edstaven\u00ed: Autorsk\u00e9 p\u0159edstaven\u00ed k&nbsp;1.&nbsp;d\u00edlu: Autorsk\u00e9 p\u0159edstaven\u00ed ke 2.&nbsp;d\u00edlu: Autorsk\u00e9 p\u0159edstaven\u00ed ke 3.&nbsp;d\u00edlu: \u010cten\u00e1\u0159sk\u00e9 z\u00e1klady 1., 2., 3.&nbsp;a&nbsp;4.&nbsp;d\u00edl a&nbsp;Pisatelsk\u00e9 1., 2.&nbsp;a&nbsp;3.&nbsp;d\u00edl jsou ji\u017e &hellip; <\/p>\n","protected":false},"author":8,"featured_media":0,"parent":0,"menu_order":0,"comment_status":"open","ping_status":"closed","template":"","meta":{"footnotes":""},"class_list":["post-1234","page","type-page","status-publish","hentry"],"_links":{"self":[{"href":"https:\/\/nns.cz\/agata\/wp-json\/wp\/v2\/pages\/1234","targetHints":{"allow":["GET"]}}],"collection":[{"href":"https:\/\/nns.cz\/agata\/wp-json\/wp\/v2\/pages"}],"about":[{"href":"https:\/\/nns.cz\/agata\/wp-json\/wp\/v2\/types\/page"}],"author":[{"embeddable":true,"href":"https:\/\/nns.cz\/agata\/wp-json\/wp\/v2\/users\/8"}],"replies":[{"embeddable":true,"href":"https:\/\/nns.cz\/agata\/wp-json\/wp\/v2\/comments?post=1234"}],"version-history":[{"count":39,"href":"https:\/\/nns.cz\/agata\/wp-json\/wp\/v2\/pages\/1234\/revisions"}],"predecessor-version":[{"id":1359,"href":"https:\/\/nns.cz\/agata\/wp-json\/wp\/v2\/pages\/1234\/revisions\/1359"}],"wp:attachment":[{"href":"https:\/\/nns.cz\/agata\/wp-json\/wp\/v2\/media?parent=1234"}],"curies":[{"name":"wp","href":"https:\/\/api.w.org\/{rel}","templated":true}]}}